{"id":1410,"date":"2016-07-06T04:48:07","date_gmt":"2016-07-06T02:48:07","guid":{"rendered":"http:\/\/www.musicalmollet.com\/wordpress\/?post_type=product&#038;p=1410"},"modified":"2021-03-01T13:16:06","modified_gmt":"2021-03-01T12:16:06","slug":"ray-charles-the-best-of","status":"publish","type":"product","link":"https:\/\/www.musicalmollet.com\/index.php\/producto\/ray-charles-the-best-of\/","title":{"rendered":"Ray Charles The Best Of"},"content":{"rendered":"<p>Ray Charles<\/p>\n<p>The Best Of Ray Charles<\/p>\n<p>Instrumentaci\u00f3n: Piano, Chant, Guitare \/ Piano, Vocal, Guitar \/ Piano, Voce, Chitarra \/ Piano, Canto, Guitarra<br \/>\nMaterial: PartitionPartitura<br \/>\nEditor : Carisch<br \/>\nGlosario N\u00ba de art\u00edculo : CARSH02079 <\/p>\n<p>Colecci\u00f3n : Best of series<br \/>\nN\u00famero de p\u00e1ginas : 80<br \/>\nLenguas : English<\/p>\n<p>Libro de Esposici\u00f3n<\/p>\n","protected":false},"excerpt":{"rendered":"<p>Ray Charles The Best Of Ray Charles Instrumentaci\u00f3n: Piano, Chant, Guitare \/ Piano, Vocal, Guitar \/ Piano, Voce, Chitarra \/ Piano, Canto, Guitarra Material: PartitionPartitura Editor : Carisch Glosario N\u00ba de art\u00edculo : CARSH02079 Colecci\u00f3n : Best of series N\u00famero de p\u00e1ginas : 80 Lenguas : English Libro de Esposici\u00f3n<\/p>\n","protected":false},"featured_media":1411,"comment_status":"open","ping_status":"closed","template":"","meta":{"om_disable_all_campaigns":false},"product_cat":[49],"product_tag":[185],"class_list":["post-1410","product","type-product","status-publish","has-post-thumbnail","hentry","product_cat-libreria-y-metodos","product_tag-libreria"],"aioseo_notices":[],"_links":{"self":[{"href":"https:\/\/www.musicalmollet.com\/index.php\/wp-json\/wp\/v2\/product\/1410","targetHints":{"allow":["GET"]}}],"collection":[{"href":"https:\/\/www.musicalmollet.com\/index.php\/wp-json\/wp\/v2\/product"}],"about":[{"href":"https:\/\/www.musicalmollet.com\/index.php\/wp-json\/wp\/v2\/types\/product"}],"replies":[{"embeddable":true,"href":"https:\/\/www.musicalmollet.com\/index.php\/wp-json\/wp\/v2\/comments?post=1410"}],"wp:featuredmedia":[{"embeddable":true,"href":"https:\/\/www.musicalmollet.com\/index.php\/wp-json\/wp\/v2\/media\/1411"}],"wp:attachment":[{"href":"https:\/\/www.musicalmollet.com\/index.php\/wp-json\/wp\/v2\/media?parent=1410"}],"wp:term":[{"taxonomy":"product_cat","embeddable":true,"href":"https:\/\/www.musicalmollet.com\/index.php\/wp-json\/wp\/v2\/product_cat?post=1410"},{"taxonomy":"product_tag","embeddable":true,"href":"https:\/\/www.musicalmollet.com\/index.php\/wp-json\/wp\/v2\/product_tag?post=1410"}],"curies":[{"name":"wp","href":"https:\/\/api.w.org\/{rel}","templated":true}]}}