{"id":1457,"date":"2016-07-13T12:23:48","date_gmt":"2016-07-13T10:23:48","guid":{"rendered":"http:\/\/www.musicalmollet.com\/wordpress\/?post_type=product&#038;p=1457"},"modified":"2022-09-30T12:49:12","modified_gmt":"2022-09-30T10:49:12","slug":"escuchar-leer-tocar-clarinete-vol-2","status":"publish","type":"product","link":"https:\/\/www.musicalmollet.com\/index.php\/producto\/escuchar-leer-tocar-clarinete-vol-2\/","title":{"rendered":"Escuchar, leer &#038; tocar clarinete vol 2"},"content":{"rendered":"<p>Descripci\u00f3n del producto M\u00e9todo Clarinete Escuchar, leer y tocar 2<\/p>\n<p>M\u00e9todo de clarinete <\/p>\n<p>Escuchar, leer y tocar, clarinete, vol. 2<\/p>\n<p>Colecci\u00f3n: Escuchar, leer &#038; tocar<\/p>\n<p>Encuadernaci\u00f3n: R\u00fastica<\/p>\n<p>Formato: 23&#215;30,5<\/p>\n<p>P\u00e1ginas: 52<\/p>\n<p>Idiomas: Castellano<\/p>\n<p>Lecciones 1-20<\/p>\n<p>Cuadro de los s\u00edmbolos y conceptos m\u00e1s comunes<\/p>\n<p>Ejercicios r\u00edtmicos adicionales<\/p>\n<p>Tabla de posiciones<\/p>\n<p>Tipo: m\u00e9todo\/ejercicios (incluye cd)<\/p>\n","protected":false},"excerpt":{"rendered":"<p>Descripci\u00f3n del producto M\u00e9todo Clarinete Escuchar, leer y tocar 2 M\u00e9todo de clarinete Escuchar, leer y tocar, clarinete, vol. 2 Colecci\u00f3n: Escuchar, leer &#038; tocar Encuadernaci\u00f3n: R\u00fastica Formato: 23&#215;30,5 P\u00e1ginas: 52 Idiomas: Castellano Lecciones 1-20 Cuadro de los s\u00edmbolos y conceptos m\u00e1s comunes Ejercicios r\u00edtmicos adicionales Tabla de posiciones Tipo: m\u00e9todo\/ejercicios (incluye cd)<\/p>\n","protected":false},"featured_media":1459,"comment_status":"open","ping_status":"closed","template":"","meta":{"om_disable_all_campaigns":false},"product_cat":[49],"product_tag":[210],"class_list":["post-1457","product","type-product","status-publish","has-post-thumbnail","hentry","product_cat-libreria-y-metodos","product_tag-libreria-y-metodos"],"aioseo_notices":[],"_links":{"self":[{"href":"https:\/\/www.musicalmollet.com\/index.php\/wp-json\/wp\/v2\/product\/1457","targetHints":{"allow":["GET"]}}],"collection":[{"href":"https:\/\/www.musicalmollet.com\/index.php\/wp-json\/wp\/v2\/product"}],"about":[{"href":"https:\/\/www.musicalmollet.com\/index.php\/wp-json\/wp\/v2\/types\/product"}],"replies":[{"embeddable":true,"href":"https:\/\/www.musicalmollet.com\/index.php\/wp-json\/wp\/v2\/comments?post=1457"}],"wp:featuredmedia":[{"embeddable":true,"href":"https:\/\/www.musicalmollet.com\/index.php\/wp-json\/wp\/v2\/media\/1459"}],"wp:attachment":[{"href":"https:\/\/www.musicalmollet.com\/index.php\/wp-json\/wp\/v2\/media?parent=1457"}],"wp:term":[{"taxonomy":"product_cat","embeddable":true,"href":"https:\/\/www.musicalmollet.com\/index.php\/wp-json\/wp\/v2\/product_cat?post=1457"},{"taxonomy":"product_tag","embeddable":true,"href":"https:\/\/www.musicalmollet.com\/index.php\/wp-json\/wp\/v2\/product_tag?post=1457"}],"curies":[{"name":"wp","href":"https:\/\/api.w.org\/{rel}","templated":true}]}}