{"id":1686,"date":"2024-09-14T05:19:53","date_gmt":"2024-09-14T03:19:53","guid":{"rendered":"http:\/\/www.musicalmollet.com\/wordpress\/?post_type=product&#038;p=1686"},"modified":"2025-09-18T13:23:23","modified_gmt":"2025-09-18T11:23:23","slug":"la-flauta-travesera-isabel-ory","status":"publish","type":"product","link":"https:\/\/www.musicalmollet.com\/index.php\/producto\/la-flauta-travesera-isabel-ory\/","title":{"rendered":"La Flauta Travesera (isabel Ory) Vol. 1"},"content":{"rendered":"<p>Libro<\/p>\n<p>La flauta travesera Vol. 1, de I. Ory<\/p>\n<p>T\u00edtulo: \u00abLa flauta Travesera\u00bbVol. 1. Autor: Isabelle Ory. Editorial: Das\u00ed-Flautas. Edici\u00f3n Espa\u00f1ol\/Italiano. Pags. 136 ISBN: 978-84-611-6139-3 Precio: \u20ac 29,50<\/p>\n<p>T\u00edtulo: \u00abLa flauta Travesera\u00bbVol. 1<br \/>\nAutor: Isabelle Ory<br \/>\nEditorial: Das\u00ed-Flautas<br \/>\nEdici\u00f3n Espa\u00f1ol\/Italiano<br \/>\nPags. 136<br \/>\nISBN: 978-84-611-6139-3<\/p>\n","protected":false},"excerpt":{"rendered":"<p>Libro La flauta travesera Vol. 1, de I. Ory T\u00edtulo: \u00abLa flauta Travesera\u00bbVol. 1. Autor: Isabelle Ory. Editorial: Das\u00ed-Flautas. Edici\u00f3n Espa\u00f1ol\/Italiano. Pags. 136 ISBN: 978-84-611-6139-3 Precio: \u20ac 29,50 T\u00edtulo: \u00abLa flauta Travesera\u00bbVol. 1 Autor: Isabelle Ory Editorial: Das\u00ed-Flautas Edici\u00f3n Espa\u00f1ol\/Italiano Pags. 136 ISBN: 978-84-611-6139-3<\/p>\n","protected":false},"featured_media":1687,"comment_status":"open","ping_status":"closed","template":"","meta":{"om_disable_all_campaigns":false},"product_cat":[49],"product_tag":[185],"class_list":["post-1686","product","type-product","status-publish","has-post-thumbnail","hentry","product_cat-libreria-y-metodos","product_tag-libreria"],"aioseo_notices":[],"_links":{"self":[{"href":"https:\/\/www.musicalmollet.com\/index.php\/wp-json\/wp\/v2\/product\/1686","targetHints":{"allow":["GET"]}}],"collection":[{"href":"https:\/\/www.musicalmollet.com\/index.php\/wp-json\/wp\/v2\/product"}],"about":[{"href":"https:\/\/www.musicalmollet.com\/index.php\/wp-json\/wp\/v2\/types\/product"}],"replies":[{"embeddable":true,"href":"https:\/\/www.musicalmollet.com\/index.php\/wp-json\/wp\/v2\/comments?post=1686"}],"wp:featuredmedia":[{"embeddable":true,"href":"https:\/\/www.musicalmollet.com\/index.php\/wp-json\/wp\/v2\/media\/1687"}],"wp:attachment":[{"href":"https:\/\/www.musicalmollet.com\/index.php\/wp-json\/wp\/v2\/media?parent=1686"}],"wp:term":[{"taxonomy":"product_cat","embeddable":true,"href":"https:\/\/www.musicalmollet.com\/index.php\/wp-json\/wp\/v2\/product_cat?post=1686"},{"taxonomy":"product_tag","embeddable":true,"href":"https:\/\/www.musicalmollet.com\/index.php\/wp-json\/wp\/v2\/product_tag?post=1686"}],"curies":[{"name":"wp","href":"https:\/\/api.w.org\/{rel}","templated":true}]}}