{"id":1894,"date":"2017-02-11T05:14:00","date_gmt":"2017-02-11T11:14:00","guid":{"rendered":"http:\/\/www.musicalmollet.com\/wordpress\/?post_type=product&#038;p=1894"},"modified":"2017-02-11T05:14:00","modified_gmt":"2017-02-11T11:14:00","slug":"viola-stentor-student-i","status":"publish","type":"product","link":"https:\/\/www.musicalmollet.com\/index.php\/producto\/viola-stentor-student-i\/","title":{"rendered":"Viola Stentor Student I"},"content":{"rendered":"<p>STENTOR STUDENT I<\/p>\n<p>Arce y Abeto s\u00f3lidos vaciados a mano, perfil de madera, Guarnici\u00f3n de palisandro, Cordal met\u00e1lico con afinadores. Arco nuez de \u00e9bano, Estuche forrado tipo mochila. Instrumento Calibrado<\/p>\n<p>12&#8243;-13&#8243;-14&#8243;-15&#8243;<\/p>\n","protected":false},"excerpt":{"rendered":"<p>STENTOR STUDENT I Arce y Abeto s\u00f3lidos vaciados a mano, perfil de madera, Guarnici\u00f3n de palisandro, Cordal met\u00e1lico con afinadores. Arco nuez de \u00e9bano, Estuche forrado tipo mochila. Instrumento Calibrado 12&#8243;-13&#8243;-14&#8243;-15&#8243;<\/p>\n","protected":false},"featured_media":1895,"comment_status":"open","ping_status":"closed","template":"","meta":{"om_disable_all_campaigns":false},"product_cat":[290],"product_tag":[300],"class_list":["post-1894","product","type-product","status-publish","has-post-thumbnail","hentry","product_cat-viola","product_tag-inst-de-cuerda"],"aioseo_notices":[],"_links":{"self":[{"href":"https:\/\/www.musicalmollet.com\/index.php\/wp-json\/wp\/v2\/product\/1894","targetHints":{"allow":["GET"]}}],"collection":[{"href":"https:\/\/www.musicalmollet.com\/index.php\/wp-json\/wp\/v2\/product"}],"about":[{"href":"https:\/\/www.musicalmollet.com\/index.php\/wp-json\/wp\/v2\/types\/product"}],"replies":[{"embeddable":true,"href":"https:\/\/www.musicalmollet.com\/index.php\/wp-json\/wp\/v2\/comments?post=1894"}],"wp:featuredmedia":[{"embeddable":true,"href":"https:\/\/www.musicalmollet.com\/index.php\/wp-json\/wp\/v2\/media\/1895"}],"wp:attachment":[{"href":"https:\/\/www.musicalmollet.com\/index.php\/wp-json\/wp\/v2\/media?parent=1894"}],"wp:term":[{"taxonomy":"product_cat","embeddable":true,"href":"https:\/\/www.musicalmollet.com\/index.php\/wp-json\/wp\/v2\/product_cat?post=1894"},{"taxonomy":"product_tag","embeddable":true,"href":"https:\/\/www.musicalmollet.com\/index.php\/wp-json\/wp\/v2\/product_tag?post=1894"}],"curies":[{"name":"wp","href":"https:\/\/api.w.org\/{rel}","templated":true}]}}