{"id":2107,"date":"2017-06-14T12:49:41","date_gmt":"2017-06-14T18:49:41","guid":{"rendered":"http:\/\/www.musicalmollet.com\/wordpress\/?post_type=product&#038;p=2107"},"modified":"2025-10-14T13:13:39","modified_gmt":"2025-10-14T11:13:39","slug":"cordon-saxo-altotenor-bg-s41-sh","status":"publish","type":"product","link":"https:\/\/www.musicalmollet.com\/index.php\/producto\/cordon-saxo-altotenor-bg-s41-sh\/","title":{"rendered":"Cordon Saxo Alto,Tenor BG s41 SH"},"content":{"rendered":"<p>Talla mujer.<\/p>\n<p>Reparte uniformemente el peso sobre los hombros (Reduce la presi\u00f3n en los m\u00fasculos del cuello).<\/p>\n<p>El genuino arn\u00e9s original.<\/p>\n<p>F\u00e1cil y r\u00e1pido de usar: 4 cierres frontales para un r\u00e1pido ajuste + 1 regulador en la parte posterior para m\u00e1ximizar el confort.<\/p>\n<p>Hecho en Francia. Correas de nylon suave.<\/p>\n<p>Doble pespunteado para duplicar la seguridad.<\/p>\n<p>Saxo Alto y Tenor \/ Mosquet\u00f3n de pl\u00e1stico ABS o met\u00e1lico.<\/p>\n<p>BG recomienda utilizar solo GANCHO MET\u00c1LICO para saxo bar\u00edtono y marching band.<\/p>\n","protected":false},"excerpt":{"rendered":"<p>Talla mujer. Reparte uniformemente el peso sobre los hombros (Reduce la presi\u00f3n en los m\u00fasculos del cuello). El genuino arn\u00e9s original. F\u00e1cil y r\u00e1pido de usar: 4 cierres frontales para un r\u00e1pido ajuste + 1 regulador en la parte posterior para m\u00e1ximizar el confort. Hecho en Francia. Correas de nylon suave. Doble pespunteado para duplicar [&hellip;]<\/p>\n","protected":false},"featured_media":2108,"comment_status":"open","ping_status":"closed","template":"","meta":{"om_disable_all_campaigns":false},"product_cat":[13,325],"product_tag":[268],"class_list":["post-2107","product","type-product","status-publish","has-post-thumbnail","hentry","product_cat-accesorioviento","product_cat-cordon-saxo-alto-tenor","product_tag-accesorios"],"aioseo_notices":[],"_links":{"self":[{"href":"https:\/\/www.musicalmollet.com\/index.php\/wp-json\/wp\/v2\/product\/2107","targetHints":{"allow":["GET"]}}],"collection":[{"href":"https:\/\/www.musicalmollet.com\/index.php\/wp-json\/wp\/v2\/product"}],"about":[{"href":"https:\/\/www.musicalmollet.com\/index.php\/wp-json\/wp\/v2\/types\/product"}],"replies":[{"embeddable":true,"href":"https:\/\/www.musicalmollet.com\/index.php\/wp-json\/wp\/v2\/comments?post=2107"}],"wp:featuredmedia":[{"embeddable":true,"href":"https:\/\/www.musicalmollet.com\/index.php\/wp-json\/wp\/v2\/media\/2108"}],"wp:attachment":[{"href":"https:\/\/www.musicalmollet.com\/index.php\/wp-json\/wp\/v2\/media?parent=2107"}],"wp:term":[{"taxonomy":"product_cat","embeddable":true,"href":"https:\/\/www.musicalmollet.com\/index.php\/wp-json\/wp\/v2\/product_cat?post=2107"},{"taxonomy":"product_tag","embeddable":true,"href":"https:\/\/www.musicalmollet.com\/index.php\/wp-json\/wp\/v2\/product_tag?post=2107"}],"curies":[{"name":"wp","href":"https:\/\/api.w.org\/{rel}","templated":true}]}}