{"id":2207,"date":"2025-01-28T02:59:21","date_gmt":"2025-01-28T01:59:21","guid":{"rendered":"http:\/\/www.musicalmollet.com\/wordpress\/?post_type=product&#038;p=2207"},"modified":"2025-01-28T19:02:58","modified_gmt":"2025-01-28T18:02:58","slug":"armonica-hohner-seductora","status":"publish","type":"product","link":"https:\/\/www.musicalmollet.com\/index.php\/producto\/armonica-hohner-seductora\/","title":{"rendered":"Armonica Hohner Seductora"},"content":{"rendered":"<p>Informacion del ProductoArm\u00f3nica HOHNER Seductora 32. Serie Octave. 32 voces con leng\u00fcetas de lat\u00f3n de 0,9mm de grosor. Cuerpo de madera de arce. Longitud: 112,7mm. Afinaci\u00f3n: C\/Do.<br \/>\nLa Seductora es un modelo especial creado especialmente para los pa\u00edses sudamericanos. Su sonido est\u00e1 cerca de la \u00abLieblinge Unsere\u00bb Line.<br \/>\nAdem\u00e1s de las arm\u00f3nicas de tr\u00e9molo, las de afinaci\u00f3n octavada son los instrumentos m\u00e1s populares para la m\u00fasica tradicional y folk. Son f\u00e1cilmente reconocibles por los canales de aire que se dividen horizontalmente y sus caracter\u00edstica forma curva \u00abaplatanada\u00bb.<br \/>\nCada nota es producida por un par de leng\u00fcetas afinadas exactamente a una octava de distancia, lo que produce un sonido fuerte y completo<\/p>\n","protected":false},"excerpt":{"rendered":"<p>Informacion del ProductoArm\u00f3nica HOHNER Seductora 32. Serie Octave. 32 voces con leng\u00fcetas de lat\u00f3n de 0,9mm de grosor. Cuerpo de madera de arce. Longitud: 112,7mm. Afinaci\u00f3n: C\/Do. La Seductora es un modelo especial creado especialmente para los pa\u00edses sudamericanos. Su sonido est\u00e1 cerca de la \u00abLieblinge Unsere\u00bb Line. Adem\u00e1s de las arm\u00f3nicas de tr\u00e9molo, las [&hellip;]<\/p>\n","protected":false},"featured_media":2208,"comment_status":"open","ping_status":"closed","template":"","meta":{"om_disable_all_campaigns":false},"product_cat":[20],"product_tag":[158],"class_list":["post-2207","product","type-product","status-publish","has-post-thumbnail","hentry","product_cat-armonicas","product_tag-armonicas"],"aioseo_notices":[],"_links":{"self":[{"href":"https:\/\/www.musicalmollet.com\/index.php\/wp-json\/wp\/v2\/product\/2207","targetHints":{"allow":["GET"]}}],"collection":[{"href":"https:\/\/www.musicalmollet.com\/index.php\/wp-json\/wp\/v2\/product"}],"about":[{"href":"https:\/\/www.musicalmollet.com\/index.php\/wp-json\/wp\/v2\/types\/product"}],"replies":[{"embeddable":true,"href":"https:\/\/www.musicalmollet.com\/index.php\/wp-json\/wp\/v2\/comments?post=2207"}],"wp:featuredmedia":[{"embeddable":true,"href":"https:\/\/www.musicalmollet.com\/index.php\/wp-json\/wp\/v2\/media\/2208"}],"wp:attachment":[{"href":"https:\/\/www.musicalmollet.com\/index.php\/wp-json\/wp\/v2\/media?parent=2207"}],"wp:term":[{"taxonomy":"product_cat","embeddable":true,"href":"https:\/\/www.musicalmollet.com\/index.php\/wp-json\/wp\/v2\/product_cat?post=2207"},{"taxonomy":"product_tag","embeddable":true,"href":"https:\/\/www.musicalmollet.com\/index.php\/wp-json\/wp\/v2\/product_tag?post=2207"}],"curies":[{"name":"wp","href":"https:\/\/api.w.org\/{rel}","templated":true}]}}