{"id":2209,"date":"2017-07-22T03:09:18","date_gmt":"2017-07-22T01:09:18","guid":{"rendered":"http:\/\/www.musicalmollet.com\/wordpress\/?post_type=product&#038;p=2209"},"modified":"2018-06-13T11:16:00","modified_gmt":"2018-06-13T09:16:00","slug":"canas-clarinete-vandoren-rue-lepic-35","status":"publish","type":"product","link":"https:\/\/www.musicalmollet.com\/index.php\/producto\/canas-clarinete-vandoren-rue-lepic-35\/","title":{"rendered":"Ca\u00f1as Clarinete Vandoren Rue Lepic 3,5+ Caja 10 Unidades"},"content":{"rendered":"<p>Ca\u00f1a gruesa.<br \/>\n Un sonido rico y puro.<br \/>\n M\u00e1xima estabilidad.<br \/>\n Una respuesta r\u00e1pida.<br \/>\n Un rendimiento consistente<\/p>\n<p>PRECIO POR CAJA DE 10 CA\u00d1AS<\/p>\n","protected":false},"excerpt":{"rendered":"<p>Ca\u00f1a gruesa. Un sonido rico y puro. M\u00e1xima estabilidad. Una respuesta r\u00e1pida. Un rendimiento consistente PRECIO POR CAJA DE 10 CA\u00d1AS<\/p>\n","protected":false},"featured_media":2210,"comment_status":"open","ping_status":"closed","template":"","meta":{"om_disable_all_campaigns":false},"product_cat":[13,89],"product_tag":[337],"class_list":["post-2209","product","type-product","status-publish","has-post-thumbnail","hentry","product_cat-accesorioviento","product_cat-canyas-clarinete","product_tag-canas-clarinete"],"aioseo_notices":[],"_links":{"self":[{"href":"https:\/\/www.musicalmollet.com\/index.php\/wp-json\/wp\/v2\/product\/2209","targetHints":{"allow":["GET"]}}],"collection":[{"href":"https:\/\/www.musicalmollet.com\/index.php\/wp-json\/wp\/v2\/product"}],"about":[{"href":"https:\/\/www.musicalmollet.com\/index.php\/wp-json\/wp\/v2\/types\/product"}],"replies":[{"embeddable":true,"href":"https:\/\/www.musicalmollet.com\/index.php\/wp-json\/wp\/v2\/comments?post=2209"}],"wp:featuredmedia":[{"embeddable":true,"href":"https:\/\/www.musicalmollet.com\/index.php\/wp-json\/wp\/v2\/media\/2210"}],"wp:attachment":[{"href":"https:\/\/www.musicalmollet.com\/index.php\/wp-json\/wp\/v2\/media?parent=2209"}],"wp:term":[{"taxonomy":"product_cat","embeddable":true,"href":"https:\/\/www.musicalmollet.com\/index.php\/wp-json\/wp\/v2\/product_cat?post=2209"},{"taxonomy":"product_tag","embeddable":true,"href":"https:\/\/www.musicalmollet.com\/index.php\/wp-json\/wp\/v2\/product_tag?post=2209"}],"curies":[{"name":"wp","href":"https:\/\/api.w.org\/{rel}","templated":true}]}}