{"id":2336,"date":"2017-09-29T18:49:08","date_gmt":"2017-09-29T16:49:08","guid":{"rendered":"http:\/\/www.musicalmollet.com\/wordpress\/?post_type=product&#038;p=2336"},"modified":"2017-09-29T18:49:19","modified_gmt":"2017-09-29T16:49:19","slug":"joachim-andersen-18-petites-etudes-opus-41","status":"publish","type":"product","link":"https:\/\/www.musicalmollet.com\/index.php\/producto\/joachim-andersen-18-petites-etudes-opus-41\/","title":{"rendered":"Joachim ANDERSEN 18 petites \u00e9tudes opus 41"},"content":{"rendered":"<p>2. 18 petites \u00e9tudes op.41 : pour fl\u00fbte <\/p>\n<p>Joachim Andersen<\/p>\n<p>Editorial: Gerard Billaudot Editeur De Musique <\/p>\n<p> ISBN 13: 9790043012849 <\/p>\n<p>Nuevos ? Cantidad: 1 <\/p>\n","protected":false},"excerpt":{"rendered":"<p>2. 18 petites \u00e9tudes op.41 : pour fl\u00fbte Joachim Andersen Editorial: Gerard Billaudot Editeur De Musique ISBN 13: 9790043012849 Nuevos ? Cantidad: 1<\/p>\n","protected":false},"featured_media":2337,"comment_status":"open","ping_status":"closed","template":"","meta":{"om_disable_all_campaigns":false},"product_cat":[49],"product_tag":[210],"class_list":["post-2336","product","type-product","status-publish","has-post-thumbnail","hentry","product_cat-libreria-y-metodos","product_tag-libreria-y-metodos"],"aioseo_notices":[],"_links":{"self":[{"href":"https:\/\/www.musicalmollet.com\/index.php\/wp-json\/wp\/v2\/product\/2336","targetHints":{"allow":["GET"]}}],"collection":[{"href":"https:\/\/www.musicalmollet.com\/index.php\/wp-json\/wp\/v2\/product"}],"about":[{"href":"https:\/\/www.musicalmollet.com\/index.php\/wp-json\/wp\/v2\/types\/product"}],"replies":[{"embeddable":true,"href":"https:\/\/www.musicalmollet.com\/index.php\/wp-json\/wp\/v2\/comments?post=2336"}],"wp:featuredmedia":[{"embeddable":true,"href":"https:\/\/www.musicalmollet.com\/index.php\/wp-json\/wp\/v2\/media\/2337"}],"wp:attachment":[{"href":"https:\/\/www.musicalmollet.com\/index.php\/wp-json\/wp\/v2\/media?parent=2336"}],"wp:term":[{"taxonomy":"product_cat","embeddable":true,"href":"https:\/\/www.musicalmollet.com\/index.php\/wp-json\/wp\/v2\/product_cat?post=2336"},{"taxonomy":"product_tag","embeddable":true,"href":"https:\/\/www.musicalmollet.com\/index.php\/wp-json\/wp\/v2\/product_tag?post=2336"}],"curies":[{"name":"wp","href":"https:\/\/api.w.org\/{rel}","templated":true}]}}