{"id":2424,"date":"2017-11-17T18:25:58","date_gmt":"2017-11-17T17:25:58","guid":{"rendered":"http:\/\/www.musicalmollet.com\/wordpress\/?post_type=product&#038;p=2424"},"modified":"2018-08-28T20:38:44","modified_gmt":"2018-08-28T18:38:44","slug":"repertori-llenguatge-musical-grau-elemental-4o-curs","status":"publish","type":"product","link":"https:\/\/www.musicalmollet.com\/index.php\/producto\/repertori-llenguatge-musical-grau-elemental-4o-curs\/","title":{"rendered":"Llenguatge Musical Quart Curs Repertori Ireneu Segarra"},"content":{"rendered":"<p>TGE MUSICAL GRAU ELEMENTAL<\/p>\n<p>el meu llibre de musica 4 llenguatge musical grau elemental-ireneu segarra malla-9788478267767 <\/p>\n<p>EL MEU LLIBRE DE MUSICA 4 LLENGUATGE MUSICAL GRAU ELEMENTAL (En papel)<br \/>\nIRENEU SEGARRA MALLA   , 1997  <\/p>\n<p>N\u00ba de p\u00e1ginas: 72 p\u00e1gs.<br \/>\nEditorial: L ABADIA DE MONTSERRAT<br \/>\nLengua: CATAL\u00c1N<br \/>\nISBN: 9788478267767<\/p>\n<p>Antologia d?obres d?un grau de dificultat corresponent a quart curs, per desenvolupar la musicalitat i familiaritzar-se amb els grans autors de la hist\u00f2ria de la m\u00fasica. Cont\u00e9 66 peces amb acompanyament de piano, agrupades en quatre apartats: Melodies tradicionals, 12; C\u00e0nons, 6; Obres de grans autors, 42; Can\u00e7ons a tres veus, 6.<\/p>\n","protected":false},"excerpt":{"rendered":"<p>TGE MUSICAL GRAU ELEMENTAL el meu llibre de musica 4 llenguatge musical grau elemental-ireneu segarra malla-9788478267767 EL MEU LLIBRE DE MUSICA 4 LLENGUATGE MUSICAL GRAU ELEMENTAL (En papel) IRENEU SEGARRA MALLA , 1997 N\u00ba de p\u00e1ginas: 72 p\u00e1gs. Editorial: L ABADIA DE MONTSERRAT Lengua: CATAL\u00c1N ISBN: 9788478267767 Antologia d?obres d?un grau de dificultat corresponent a [&hellip;]<\/p>\n","protected":false},"featured_media":2425,"comment_status":"open","ping_status":"closed","template":"","meta":{"om_disable_all_campaigns":false},"product_cat":[49],"product_tag":[210],"class_list":["post-2424","product","type-product","status-publish","has-post-thumbnail","hentry","product_cat-libreria-y-metodos","product_tag-libreria-y-metodos"],"aioseo_notices":[],"_links":{"self":[{"href":"https:\/\/www.musicalmollet.com\/index.php\/wp-json\/wp\/v2\/product\/2424","targetHints":{"allow":["GET"]}}],"collection":[{"href":"https:\/\/www.musicalmollet.com\/index.php\/wp-json\/wp\/v2\/product"}],"about":[{"href":"https:\/\/www.musicalmollet.com\/index.php\/wp-json\/wp\/v2\/types\/product"}],"replies":[{"embeddable":true,"href":"https:\/\/www.musicalmollet.com\/index.php\/wp-json\/wp\/v2\/comments?post=2424"}],"wp:featuredmedia":[{"embeddable":true,"href":"https:\/\/www.musicalmollet.com\/index.php\/wp-json\/wp\/v2\/media\/2425"}],"wp:attachment":[{"href":"https:\/\/www.musicalmollet.com\/index.php\/wp-json\/wp\/v2\/media?parent=2424"}],"wp:term":[{"taxonomy":"product_cat","embeddable":true,"href":"https:\/\/www.musicalmollet.com\/index.php\/wp-json\/wp\/v2\/product_cat?post=2424"},{"taxonomy":"product_tag","embeddable":true,"href":"https:\/\/www.musicalmollet.com\/index.php\/wp-json\/wp\/v2\/product_tag?post=2424"}],"curies":[{"name":"wp","href":"https:\/\/api.w.org\/{rel}","templated":true}]}}