{"id":2769,"date":"2018-05-23T12:51:34","date_gmt":"2018-05-23T10:51:34","guid":{"rendered":"http:\/\/www.musicalmollet.com\/wordpress\/?post_type=product&#038;p=2769"},"modified":"2018-05-23T12:51:34","modified_gmt":"2018-05-23T10:51:34","slug":"correa-batukada-ortola-739l","status":"publish","type":"product","link":"https:\/\/www.musicalmollet.com\/index.php\/producto\/correa-batukada-ortola-739l\/","title":{"rendered":"Correa Batukada Ortola 739L"},"content":{"rendered":"<p>7439 CORREA BATUKADA REF. 739-L ACOLCHADA CINTURA<br \/>\nCorreas de nylon gris acolchadas batucada. Con cierre de seguridad y cierre velcro. Dos mosquet\u00f3nes met\u00e1licos y correderas. Largo cintura: m\u00ednimo 103cm-m\u00e1ximo 120cm. Para timbas, surdos, repeniques, tambores, etc. <\/p>\n","protected":false},"excerpt":{"rendered":"<p>7439 CORREA BATUKADA REF. 739-L ACOLCHADA CINTURA Correas de nylon gris acolchadas batucada. Con cierre de seguridad y cierre velcro. Dos mosquet\u00f3nes met\u00e1licos y correderas. Largo cintura: m\u00ednimo 103cm-m\u00e1ximo 120cm. Para timbas, surdos, repeniques, tambores, etc.<\/p>\n","protected":false},"featured_media":2770,"comment_status":"open","ping_status":"closed","template":"","meta":{"om_disable_all_campaigns":false},"product_cat":[296],"product_tag":[297],"class_list":["post-2769","product","type-product","status-publish","has-post-thumbnail","hentry","product_cat-correas-y-bandoleras","product_tag-correas"],"aioseo_notices":[],"_links":{"self":[{"href":"https:\/\/www.musicalmollet.com\/index.php\/wp-json\/wp\/v2\/product\/2769","targetHints":{"allow":["GET"]}}],"collection":[{"href":"https:\/\/www.musicalmollet.com\/index.php\/wp-json\/wp\/v2\/product"}],"about":[{"href":"https:\/\/www.musicalmollet.com\/index.php\/wp-json\/wp\/v2\/types\/product"}],"replies":[{"embeddable":true,"href":"https:\/\/www.musicalmollet.com\/index.php\/wp-json\/wp\/v2\/comments?post=2769"}],"wp:featuredmedia":[{"embeddable":true,"href":"https:\/\/www.musicalmollet.com\/index.php\/wp-json\/wp\/v2\/media\/2770"}],"wp:attachment":[{"href":"https:\/\/www.musicalmollet.com\/index.php\/wp-json\/wp\/v2\/media?parent=2769"}],"wp:term":[{"taxonomy":"product_cat","embeddable":true,"href":"https:\/\/www.musicalmollet.com\/index.php\/wp-json\/wp\/v2\/product_cat?post=2769"},{"taxonomy":"product_tag","embeddable":true,"href":"https:\/\/www.musicalmollet.com\/index.php\/wp-json\/wp\/v2\/product_tag?post=2769"}],"curies":[{"name":"wp","href":"https:\/\/api.w.org\/{rel}","templated":true}]}}