{"id":2773,"date":"2018-05-23T18:38:29","date_gmt":"2018-05-23T16:38:29","guid":{"rendered":"http:\/\/www.musicalmollet.com\/wordpress\/?post_type=product&#038;p=2773"},"modified":"2019-08-27T20:00:39","modified_gmt":"2019-08-27T18:00:39","slug":"maleras-metodo-para-castanuelas-1o-curso","status":"publish","type":"product","link":"https:\/\/www.musicalmollet.com\/index.php\/producto\/maleras-metodo-para-castanuelas-1o-curso\/","title":{"rendered":"Maleras M\u00e9todo para Casta\u00f1uelas 1\u00ba Curso"},"content":{"rendered":"<p>Edici\u00f3n Iberica<br \/>\nMaleras M\u00e9todo para Casta\u00f1uelas<br \/>\nPrimer Curso<br \/>\nParte Practica<\/p>\n","protected":false},"excerpt":{"rendered":"<p>Edici\u00f3n Iberica Maleras M\u00e9todo para Casta\u00f1uelas Primer Curso Parte Practica<\/p>\n","protected":false},"featured_media":2774,"comment_status":"open","ping_status":"closed","template":"","meta":{"om_disable_all_campaigns":false},"product_cat":[49],"product_tag":[210],"class_list":["post-2773","product","type-product","status-publish","has-post-thumbnail","hentry","product_cat-libreria-y-metodos","product_tag-libreria-y-metodos"],"aioseo_notices":[],"_links":{"self":[{"href":"https:\/\/www.musicalmollet.com\/index.php\/wp-json\/wp\/v2\/product\/2773","targetHints":{"allow":["GET"]}}],"collection":[{"href":"https:\/\/www.musicalmollet.com\/index.php\/wp-json\/wp\/v2\/product"}],"about":[{"href":"https:\/\/www.musicalmollet.com\/index.php\/wp-json\/wp\/v2\/types\/product"}],"replies":[{"embeddable":true,"href":"https:\/\/www.musicalmollet.com\/index.php\/wp-json\/wp\/v2\/comments?post=2773"}],"wp:featuredmedia":[{"embeddable":true,"href":"https:\/\/www.musicalmollet.com\/index.php\/wp-json\/wp\/v2\/media\/2774"}],"wp:attachment":[{"href":"https:\/\/www.musicalmollet.com\/index.php\/wp-json\/wp\/v2\/media?parent=2773"}],"wp:term":[{"taxonomy":"product_cat","embeddable":true,"href":"https:\/\/www.musicalmollet.com\/index.php\/wp-json\/wp\/v2\/product_cat?post=2773"},{"taxonomy":"product_tag","embeddable":true,"href":"https:\/\/www.musicalmollet.com\/index.php\/wp-json\/wp\/v2\/product_tag?post=2773"}],"curies":[{"name":"wp","href":"https:\/\/api.w.org\/{rel}","templated":true}]}}