{"id":3371,"date":"2019-07-04T20:18:24","date_gmt":"2019-07-04T18:18:24","guid":{"rendered":"http:\/\/www.musicalmollet.com\/?post_type=product&#038;p=3371"},"modified":"2019-07-06T14:05:03","modified_gmt":"2019-07-06T12:05:03","slug":"correa-fender-black-yellow-red2","status":"publish","type":"product","link":"https:\/\/www.musicalmollet.com\/index.php\/producto\/correa-fender-black-yellow-red2\/","title":{"rendered":"Correa Fender Black-Yellow-Red2"},"content":{"rendered":"<p>FENDER Fender 2&#8243; Monogrammed Strap Black\/Yellow\/Red <\/p>\n<p>REF.<br \/>\n350105<\/p>\n<p>CORREA DE GUITARRA-BAJO FENDER FENDER 2&#8243; MONOGRAMMED STRAP BLACK\/YELLOW\/RED<\/p>\n<p>Fender 2&#8243; Monogrammed Strap Black\/Yellow\/Red<br \/>\nCorrea de guitarra \/ bajo.<br \/>\nLa correa m\u00e1s reconocible de Fender ahora est\u00e1 disponible con una parte inferior de nailon c\u00f3moda para un ajuste ultra c\u00f3modo y seis opciones de color diferentes para a\u00fan m\u00e1s <\/p>\n","protected":false},"excerpt":{"rendered":"<p>FENDER Fender 2&#8243; Monogrammed Strap Black\/Yellow\/Red REF. 350105 CORREA DE GUITARRA-BAJO FENDER FENDER 2&#8243; MONOGRAMMED STRAP BLACK\/YELLOW\/RED Fender 2&#8243; Monogrammed Strap Black\/Yellow\/Red Correa de guitarra \/ bajo. La correa m\u00e1s reconocible de Fender ahora est\u00e1 disponible con una parte inferior de nailon c\u00f3moda para un ajuste ultra c\u00f3modo y seis opciones de color diferentes para [&hellip;]<\/p>\n","protected":false},"featured_media":3372,"comment_status":"open","ping_status":"closed","template":"","meta":{"om_disable_all_campaigns":false},"product_cat":[296],"product_tag":[297],"class_list":["post-3371","product","type-product","status-publish","has-post-thumbnail","hentry","product_cat-correas-y-bandoleras","product_tag-correas"],"aioseo_notices":[],"_links":{"self":[{"href":"https:\/\/www.musicalmollet.com\/index.php\/wp-json\/wp\/v2\/product\/3371","targetHints":{"allow":["GET"]}}],"collection":[{"href":"https:\/\/www.musicalmollet.com\/index.php\/wp-json\/wp\/v2\/product"}],"about":[{"href":"https:\/\/www.musicalmollet.com\/index.php\/wp-json\/wp\/v2\/types\/product"}],"replies":[{"embeddable":true,"href":"https:\/\/www.musicalmollet.com\/index.php\/wp-json\/wp\/v2\/comments?post=3371"}],"wp:featuredmedia":[{"embeddable":true,"href":"https:\/\/www.musicalmollet.com\/index.php\/wp-json\/wp\/v2\/media\/3372"}],"wp:attachment":[{"href":"https:\/\/www.musicalmollet.com\/index.php\/wp-json\/wp\/v2\/media?parent=3371"}],"wp:term":[{"taxonomy":"product_cat","embeddable":true,"href":"https:\/\/www.musicalmollet.com\/index.php\/wp-json\/wp\/v2\/product_cat?post=3371"},{"taxonomy":"product_tag","embeddable":true,"href":"https:\/\/www.musicalmollet.com\/index.php\/wp-json\/wp\/v2\/product_tag?post=3371"}],"curies":[{"name":"wp","href":"https:\/\/api.w.org\/{rel}","templated":true}]}}