{"id":3741,"date":"2019-09-10T19:08:05","date_gmt":"2019-09-10T17:08:05","guid":{"rendered":"http:\/\/www.musicalmollet.com\/?post_type=product&#038;p=3741"},"modified":"2019-09-10T19:08:06","modified_gmt":"2019-09-10T17:08:06","slug":"arco-violin-hohner-as23-3-4","status":"publish","type":"product","link":"https:\/\/www.musicalmollet.com\/index.php\/producto\/arco-violin-hohner-as23-3-4\/","title":{"rendered":"Arco violin Hohner as23 3\/4"},"content":{"rendered":"<p>Arco Violin \u00abH\u00f6fner\u00bb AS23 3\/4<\/p>\n<p>N\u00ba PRODUCTO: AS23V34<\/p>\n<p>ARCOS SERIES CONSERVATORIO.<\/p>\n<p>Arcos octogonales de madera de Brasil. <\/p>\n<p>Varilla redonda en n\u00edquel-plata. <\/p>\n<p>Nuez de \u00e9bano con ojo \u00fanico. <\/p>\n<p>Deslizador en madreperla. <\/p>\n<p>Genuino pelo de caballo de Mongolia. <\/p>\n<p>Arco H\u00f6fner para viol\u00edn, 3\/4.<\/p>\n<p>49,00 \u20ac  <\/p>\n<p>(IVA incluido) <\/p>\n","protected":false},"excerpt":{"rendered":"<p>Arco Violin \u00abH\u00f6fner\u00bb AS23 3\/4 N\u00ba PRODUCTO: AS23V34 ARCOS SERIES CONSERVATORIO. Arcos octogonales de madera de Brasil. Varilla redonda en n\u00edquel-plata. Nuez de \u00e9bano con ojo \u00fanico. Deslizador en madreperla. Genuino pelo de caballo de Mongolia. Arco H\u00f6fner para viol\u00edn, 3\/4. 49,00 \u20ac (IVA incluido)<\/p>\n","protected":false},"featured_media":3742,"comment_status":"closed","ping_status":"closed","template":"","meta":{"om_disable_all_campaigns":false},"product_cat":[395],"product_tag":[268],"class_list":["post-3741","product","type-product","status-publish","has-post-thumbnail","hentry","product_cat-arcos-de-violin","product_tag-accesorios"],"aioseo_notices":[],"_links":{"self":[{"href":"https:\/\/www.musicalmollet.com\/index.php\/wp-json\/wp\/v2\/product\/3741","targetHints":{"allow":["GET"]}}],"collection":[{"href":"https:\/\/www.musicalmollet.com\/index.php\/wp-json\/wp\/v2\/product"}],"about":[{"href":"https:\/\/www.musicalmollet.com\/index.php\/wp-json\/wp\/v2\/types\/product"}],"replies":[{"embeddable":true,"href":"https:\/\/www.musicalmollet.com\/index.php\/wp-json\/wp\/v2\/comments?post=3741"}],"wp:featuredmedia":[{"embeddable":true,"href":"https:\/\/www.musicalmollet.com\/index.php\/wp-json\/wp\/v2\/media\/3742"}],"wp:attachment":[{"href":"https:\/\/www.musicalmollet.com\/index.php\/wp-json\/wp\/v2\/media?parent=3741"}],"wp:term":[{"taxonomy":"product_cat","embeddable":true,"href":"https:\/\/www.musicalmollet.com\/index.php\/wp-json\/wp\/v2\/product_cat?post=3741"},{"taxonomy":"product_tag","embeddable":true,"href":"https:\/\/www.musicalmollet.com\/index.php\/wp-json\/wp\/v2\/product_tag?post=3741"}],"curies":[{"name":"wp","href":"https:\/\/api.w.org\/{rel}","templated":true}]}}