{"id":4289,"date":"2023-03-31T19:32:25","date_gmt":"2023-03-31T17:32:25","guid":{"rendered":"http:\/\/www.musicalmollet.com\/?post_type=product&#038;p=4289"},"modified":"2023-03-31T11:36:11","modified_gmt":"2023-03-31T09:36:11","slug":"funda-de-guitarra-electrica-tobago-serie-35","status":"publish","type":"product","link":"https:\/\/www.musicalmollet.com\/index.php\/producto\/funda-de-guitarra-electrica-tobago-serie-35\/","title":{"rendered":"Funda de guitarra electrica TOBAGO Serie 35"},"content":{"rendered":"<p>.- Fundas dotadas de una cubierta solida, de calidad y c\u00f3modas para proteger su instrumento. Creadas con poliester de alta calidad forro de nylon y una combinaci\u00f3n de 15 mm de espuma dura y blanda, dos asas moldeadas y correas acolchadas aseguran un f\u00e1cil transporte y mantenimiento. Cuenta tambi\u00e9n con un asa de correa interna que mantiene su instrumento fijo.<\/p>\n","protected":false},"excerpt":{"rendered":"<p>.- Fundas dotadas de una cubierta solida, de calidad y c\u00f3modas para proteger su instrumento. Creadas con poliester de alta calidad forro de nylon y una combinaci\u00f3n de 15 mm de espuma dura y blanda, dos asas moldeadas y correas acolchadas aseguran un f\u00e1cil transporte y mantenimiento. Cuenta tambi\u00e9n con un asa de correa interna [&hellip;]<\/p>\n","protected":false},"featured_media":4290,"comment_status":"closed","ping_status":"closed","template":"","meta":{"om_disable_all_campaigns":false},"product_cat":[80],"product_tag":[299],"class_list":["post-4289","product","type-product","status-publish","has-post-thumbnail","hentry","product_cat-funda-guitarra-electrica","product_tag-fundas"],"aioseo_notices":[],"_links":{"self":[{"href":"https:\/\/www.musicalmollet.com\/index.php\/wp-json\/wp\/v2\/product\/4289","targetHints":{"allow":["GET"]}}],"collection":[{"href":"https:\/\/www.musicalmollet.com\/index.php\/wp-json\/wp\/v2\/product"}],"about":[{"href":"https:\/\/www.musicalmollet.com\/index.php\/wp-json\/wp\/v2\/types\/product"}],"replies":[{"embeddable":true,"href":"https:\/\/www.musicalmollet.com\/index.php\/wp-json\/wp\/v2\/comments?post=4289"}],"wp:featuredmedia":[{"embeddable":true,"href":"https:\/\/www.musicalmollet.com\/index.php\/wp-json\/wp\/v2\/media\/4290"}],"wp:attachment":[{"href":"https:\/\/www.musicalmollet.com\/index.php\/wp-json\/wp\/v2\/media?parent=4289"}],"wp:term":[{"taxonomy":"product_cat","embeddable":true,"href":"https:\/\/www.musicalmollet.com\/index.php\/wp-json\/wp\/v2\/product_cat?post=4289"},{"taxonomy":"product_tag","embeddable":true,"href":"https:\/\/www.musicalmollet.com\/index.php\/wp-json\/wp\/v2\/product_tag?post=4289"}],"curies":[{"name":"wp","href":"https:\/\/api.w.org\/{rel}","templated":true}]}}