{"id":4748,"date":"2020-10-16T19:06:55","date_gmt":"2020-10-16T17:06:55","guid":{"rendered":"http:\/\/www.musicalmollet.com\/?post_type=product&#038;p=4748"},"modified":"2020-10-16T19:06:56","modified_gmt":"2020-10-16T17:06:56","slug":"soporte-armonica-suzuki-shh-10r","status":"publish","type":"product","link":"https:\/\/www.musicalmollet.com\/index.php\/producto\/soporte-armonica-suzuki-shh-10r\/","title":{"rendered":"Soporte arm\u00f3nica Suzuki SHH-10R"},"content":{"rendered":"<p>SOPORTE ARM\u00d3NICA SUZUKIPARA ARM\u00d3NICAS TIPO BLUES.F\u00c1CIL COLOCACI\u00d3N Y EXCELENTE AGARRE.TOTALMENTE AJUSTABLE.<\/p>\n","protected":false},"excerpt":{"rendered":"<p>SOPORTE ARM\u00d3NICA SUZUKIPARA ARM\u00d3NICAS TIPO BLUES.F\u00c1CIL COLOCACI\u00d3N Y EXCELENTE AGARRE.TOTALMENTE AJUSTABLE.<\/p>\n","protected":false},"featured_media":4749,"comment_status":"closed","ping_status":"closed","template":"","meta":{"om_disable_all_campaigns":false},"product_cat":[95],"product_tag":[359],"class_list":["post-4748","product","type-product","status-publish","has-post-thumbnail","hentry","product_cat-soporte-armonica-hohner","product_tag-soportes-varios"],"aioseo_notices":[],"_links":{"self":[{"href":"https:\/\/www.musicalmollet.com\/index.php\/wp-json\/wp\/v2\/product\/4748","targetHints":{"allow":["GET"]}}],"collection":[{"href":"https:\/\/www.musicalmollet.com\/index.php\/wp-json\/wp\/v2\/product"}],"about":[{"href":"https:\/\/www.musicalmollet.com\/index.php\/wp-json\/wp\/v2\/types\/product"}],"replies":[{"embeddable":true,"href":"https:\/\/www.musicalmollet.com\/index.php\/wp-json\/wp\/v2\/comments?post=4748"}],"wp:featuredmedia":[{"embeddable":true,"href":"https:\/\/www.musicalmollet.com\/index.php\/wp-json\/wp\/v2\/media\/4749"}],"wp:attachment":[{"href":"https:\/\/www.musicalmollet.com\/index.php\/wp-json\/wp\/v2\/media?parent=4748"}],"wp:term":[{"taxonomy":"product_cat","embeddable":true,"href":"https:\/\/www.musicalmollet.com\/index.php\/wp-json\/wp\/v2\/product_cat?post=4748"},{"taxonomy":"product_tag","embeddable":true,"href":"https:\/\/www.musicalmollet.com\/index.php\/wp-json\/wp\/v2\/product_tag?post=4748"}],"curies":[{"name":"wp","href":"https:\/\/api.w.org\/{rel}","templated":true}]}}