{"id":4827,"date":"2023-11-21T20:26:10","date_gmt":"2023-11-21T19:26:10","guid":{"rendered":"http:\/\/www.musicalmollet.com\/?post_type=product&#038;p=4827"},"modified":"2023-11-21T18:56:10","modified_gmt":"2023-11-21T17:56:10","slug":"flauta-de-embolo-transparente-hogueit","status":"publish","type":"product","link":"https:\/\/www.musicalmollet.com\/index.php\/producto\/flauta-de-embolo-transparente-hogueit\/","title":{"rendered":"Flauta de \u00e9mbolo transparente Hogueit"},"content":{"rendered":"<p>Ventajas:<\/p>\n<p>1\u00ba.- Que su aplicaci\u00f3n, como instrumento que ense\u00f1a y divierte, resulte f\u00e1cil en edades tempranas.<\/p>\n<p>2\u00ba.- Que se interpreten glisandos, melod\u00edas y escalas; reforzando de\u00a0 forma progresiva la discriminaci\u00f3n auditiva y el control de la respiraci\u00f3n<\/p>\n","protected":false},"excerpt":{"rendered":"<p>Colores: Verde o amarillo<\/p>\n","protected":false},"featured_media":4828,"comment_status":"closed","ping_status":"closed","template":"","meta":{"om_disable_all_campaigns":false},"product_cat":[118],"product_tag":[222],"class_list":["post-4827","product","type-product","status-publish","has-post-thumbnail","hentry","product_cat-flauta","product_tag-flautas"],"aioseo_notices":[],"_links":{"self":[{"href":"https:\/\/www.musicalmollet.com\/index.php\/wp-json\/wp\/v2\/product\/4827","targetHints":{"allow":["GET"]}}],"collection":[{"href":"https:\/\/www.musicalmollet.com\/index.php\/wp-json\/wp\/v2\/product"}],"about":[{"href":"https:\/\/www.musicalmollet.com\/index.php\/wp-json\/wp\/v2\/types\/product"}],"replies":[{"embeddable":true,"href":"https:\/\/www.musicalmollet.com\/index.php\/wp-json\/wp\/v2\/comments?post=4827"}],"wp:featuredmedia":[{"embeddable":true,"href":"https:\/\/www.musicalmollet.com\/index.php\/wp-json\/wp\/v2\/media\/4828"}],"wp:attachment":[{"href":"https:\/\/www.musicalmollet.com\/index.php\/wp-json\/wp\/v2\/media?parent=4827"}],"wp:term":[{"taxonomy":"product_cat","embeddable":true,"href":"https:\/\/www.musicalmollet.com\/index.php\/wp-json\/wp\/v2\/product_cat?post=4827"},{"taxonomy":"product_tag","embeddable":true,"href":"https:\/\/www.musicalmollet.com\/index.php\/wp-json\/wp\/v2\/product_tag?post=4827"}],"curies":[{"name":"wp","href":"https:\/\/api.w.org\/{rel}","templated":true}]}}