{"id":4962,"date":"2024-04-04T13:39:34","date_gmt":"2024-04-04T11:39:34","guid":{"rendered":"http:\/\/www.musicalmollet.com\/?post_type=product&#038;p=4962"},"modified":"2024-04-05T11:16:50","modified_gmt":"2024-04-05T09:16:50","slug":"mesa-de-mezclas-ams-ame-104-usb","status":"publish","type":"product","link":"https:\/\/www.musicalmollet.com\/index.php\/producto\/mesa-de-mezclas-ams-ame-104-usb\/","title":{"rendered":"Mesa de Mezclas AMS AME 104 USB"},"content":{"rendered":"<div class=\"col-lg-8 col-sm-8\">\n<h3 class=\"slogan\">Mezclador de 2 canales mono + 1 est\u00e9reo. USB\/BT. Alimentaci\u00f3n Phantom +48 V. Efecto delay.<\/h3>\n<h5 class=\"brief\">Mezclador anal\u00f3gico de audio.<\/h5>\n<p><span class=\"label label-default\">AMX01104<\/span>AME 104 USB es un mezclador compacto que incorpora 2 entradas MIC\/LINE (con alimentaci\u00f3n phantom) + 1 entrada est\u00e9reo. Adem\u00e1s, incluye interfaz USB y Bluetooth. Otra interesante funcionalidad es su comportamiento como tarjeta de sonido, permitiendo mezclar las entradas anal\u00f3gicas con pistas de audio procedentes de un PC.<\/p>\n<p>Todas las entradas cuentan con 2 controles de tono y efecto reverb general, as\u00ed como conectividad para grabaci\u00f3n externa y toma de auriculares.<\/p>\n<p>Su amplia variedad de funciones lo hacen adecuado para multitud de aplicaciones: eventos, sonorizaci\u00f3n de escenarios, salas de fiesta, DJ m\u00f3vil, etc.<\/p>\n<ul id=\"myTab\" class=\"nav nav-tabs nav-top-border margin-top-80\" role=\"tablist\">\n<li class=\"active\"><a href=\"https:\/\/www.audiomusic.es\/productos\/ame-104-usb#features\" data-toggle=\"tab\"><i class=\"fa fa-check-circle-o\"><\/i> Caracter\u00edsticas<\/a><\/li>\n<li><a href=\"https:\/\/www.audiomusic.es\/productos\/ame-104-usb#techData\" data-toggle=\"tab\"><i class=\"fa fa-cogs\"><\/i> Datos t\u00e9cnicos<\/a><\/li>\n<li><a href=\"https:\/\/www.audiomusic.es\/productos\/ame-104-usb#downloads\" data-toggle=\"tab\"><i class=\"fa fa-download\"><\/i> Descargas<\/a><\/li>\n<\/ul>\n<div class=\"tab-content padding-top-20\">\n<div id=\"features\" class=\"tab-pane active\">\n<ul>\n<li>Mezclador de 4 canales.<\/li>\n<li>2 entradas mono MIC\/LINE (+48V de alimentaci\u00f3n phantom).<\/li>\n<li>1 entrada est\u00e9reo (nivel LINE).<\/li>\n<li>Interfaz USB\/BT.<\/li>\n<li>2 controles de tono en cada entrada.<\/li>\n<li>Efecto reverb.<\/li>\n<li>Funci\u00f3n record.<\/li>\n<li>Conexi\u00f3n USB para operar como tarjeta de sonido.<\/li>\n<li>Salida de auriculares.<\/li>\n<\/ul>\n<\/div>\n<\/div>\n<hr \/>\n<div class=\"row\">\n<div class=\"col-md-6\"><\/div>\n<div class=\"col-md-6 pull-right\"><\/div>\n<\/div>\n<\/div>\n","protected":false},"excerpt":{"rendered":"<p>Mezclador de 2 canales mono + 1 est\u00e9reo. USB\/BT. Alimentaci\u00f3n Phantom +48 V. Efecto delay. Mezclador anal\u00f3gico de audio. AMX01104AME 104 USB es un mezclador compacto que incorpora 2 entradas MIC\/LINE (con alimentaci\u00f3n phantom) + 1 entrada est\u00e9reo. Adem\u00e1s, incluye interfaz USB y Bluetooth. Otra interesante funcionalidad es su comportamiento como tarjeta de sonido, permitiendo [&hellip;]<\/p>\n","protected":false},"featured_media":4964,"comment_status":"closed","ping_status":"closed","template":"","meta":{"om_disable_all_campaigns":false},"product_cat":[52],"product_tag":[176],"class_list":["post-4962","product","type-product","status-publish","has-post-thumbnail","hentry","product_cat-mesas-de-mezclas","product_tag-equipos"],"aioseo_notices":[],"_links":{"self":[{"href":"https:\/\/www.musicalmollet.com\/index.php\/wp-json\/wp\/v2\/product\/4962","targetHints":{"allow":["GET"]}}],"collection":[{"href":"https:\/\/www.musicalmollet.com\/index.php\/wp-json\/wp\/v2\/product"}],"about":[{"href":"https:\/\/www.musicalmollet.com\/index.php\/wp-json\/wp\/v2\/types\/product"}],"replies":[{"embeddable":true,"href":"https:\/\/www.musicalmollet.com\/index.php\/wp-json\/wp\/v2\/comments?post=4962"}],"wp:featuredmedia":[{"embeddable":true,"href":"https:\/\/www.musicalmollet.com\/index.php\/wp-json\/wp\/v2\/media\/4964"}],"wp:attachment":[{"href":"https:\/\/www.musicalmollet.com\/index.php\/wp-json\/wp\/v2\/media?parent=4962"}],"wp:term":[{"taxonomy":"product_cat","embeddable":true,"href":"https:\/\/www.musicalmollet.com\/index.php\/wp-json\/wp\/v2\/product_cat?post=4962"},{"taxonomy":"product_tag","embeddable":true,"href":"https:\/\/www.musicalmollet.com\/index.php\/wp-json\/wp\/v2\/product_tag?post=4962"}],"curies":[{"name":"wp","href":"https:\/\/api.w.org\/{rel}","templated":true}]}}