{"id":5263,"date":"2021-03-04T13:26:17","date_gmt":"2021-03-04T12:26:17","guid":{"rendered":"http:\/\/www.musicalmollet.com\/?post_type=product&#038;p=5263"},"modified":"2022-07-12T12:10:14","modified_gmt":"2022-07-12T10:10:14","slug":"fasttrack-guitar1-hal-leonard","status":"publish","type":"product","link":"https:\/\/www.musicalmollet.com\/index.php\/producto\/fasttrack-guitar1-hal-leonard\/","title":{"rendered":"FastTrack Guitar1 Hal.Leonard"},"content":{"rendered":"<div class=\"hidden-xs\">\n<div class=\"stretta-authors\">Blake Neely (<span class=\"xtraspaceright\">*<\/span>1969), Jeff Schroedl<\/div>\n<h1>FastTrack Guitar 1<\/h1>\n<\/div>\n<p class=\"stretta-subtitle\">Music Instruction<\/p>\n<p>para: Guitarra<\/p>\n<p>Libro did\u00e1ctico (con partituras, acordes y tablaturas), playback online<\/p>\n<table class=\"stretta-detailsattributes\">\n<tbody>\n<tr>\n<td>N\u00ba de art\u00edculo<\/td>\n<td>226673<\/td>\n<\/tr>\n<tr>\n<td>Autor<span class=\"xtraspace\">\/<\/span>Compositor<\/td>\n<td><a href=\"https:\/\/www.stretta-music.es\/author-blake-neely\/\">Blake Neely<\/a>, <a href=\"https:\/\/www.stretta-music.es\/author-jeff-schroedl\/\">Jeff Schroedl<\/a><\/td>\n<\/tr>\n<tr>\n<td>Idioma<\/td>\n<td>ingl\u00e9s<\/td>\n<\/tr>\n<tr>\n<td>Alcance<\/td>\n<td>64 P\u00e1ginas<\/td>\n<\/tr>\n<tr>\n<td>A\u00f1o de lanzamiento<\/td>\n<td>1998<\/td>\n<\/tr>\n<tr>\n<td>Editorial<span class=\"xtraspace\">\/<\/span>fabricante<\/td>\n<td><a href=\"https:\/\/www.stretta-music.es\/publisher-hal-leonard\/\">Hal Leonard<\/a><\/td>\n<\/tr>\n<tr>\n<td>N.\u00ba del fabricante<\/td>\n<td>HLE00697282<\/td>\n<\/tr>\n<tr>\n<td>ISBN<\/td>\n<td>9780793573998<\/td>\n<\/tr>\n<\/tbody>\n<\/table>\n","protected":false},"excerpt":{"rendered":"<p>Blake Neely (*1969), Jeff Schroedl FastTrack Guitar 1 Music Instruction para: Guitarra Libro did\u00e1ctico (con partituras, acordes y tablaturas), playback online N\u00ba de art\u00edculo 226673 Autor\/Compositor Blake Neely, Jeff Schroedl Idioma ingl\u00e9s Alcance 64 P\u00e1ginas A\u00f1o de lanzamiento 1998 Editorial\/fabricante Hal Leonard N.\u00ba del fabricante HLE00697282 ISBN 9780793573998<\/p>\n","protected":false},"featured_media":5264,"comment_status":"closed","ping_status":"closed","template":"","meta":{"om_disable_all_campaigns":false},"product_cat":[49],"product_tag":[210],"class_list":["post-5263","product","type-product","status-publish","has-post-thumbnail","hentry","product_cat-libreria-y-metodos","product_tag-libreria-y-metodos"],"aioseo_notices":[],"_links":{"self":[{"href":"https:\/\/www.musicalmollet.com\/index.php\/wp-json\/wp\/v2\/product\/5263","targetHints":{"allow":["GET"]}}],"collection":[{"href":"https:\/\/www.musicalmollet.com\/index.php\/wp-json\/wp\/v2\/product"}],"about":[{"href":"https:\/\/www.musicalmollet.com\/index.php\/wp-json\/wp\/v2\/types\/product"}],"replies":[{"embeddable":true,"href":"https:\/\/www.musicalmollet.com\/index.php\/wp-json\/wp\/v2\/comments?post=5263"}],"wp:featuredmedia":[{"embeddable":true,"href":"https:\/\/www.musicalmollet.com\/index.php\/wp-json\/wp\/v2\/media\/5264"}],"wp:attachment":[{"href":"https:\/\/www.musicalmollet.com\/index.php\/wp-json\/wp\/v2\/media?parent=5263"}],"wp:term":[{"taxonomy":"product_cat","embeddable":true,"href":"https:\/\/www.musicalmollet.com\/index.php\/wp-json\/wp\/v2\/product_cat?post=5263"},{"taxonomy":"product_tag","embeddable":true,"href":"https:\/\/www.musicalmollet.com\/index.php\/wp-json\/wp\/v2\/product_tag?post=5263"}],"curies":[{"name":"wp","href":"https:\/\/api.w.org\/{rel}","templated":true}]}}