{"id":6144,"date":"2022-03-11T11:40:27","date_gmt":"2022-03-11T10:40:27","guid":{"rendered":"https:\/\/www.musicalmollet.com\/?post_type=product&#038;p=6144"},"modified":"2022-03-11T11:40:29","modified_gmt":"2022-03-11T10:40:29","slug":"tornillo-para-bombo-pearl-sk-06","status":"publish","type":"product","link":"https:\/\/www.musicalmollet.com\/index.php\/producto\/tornillo-para-bombo-pearl-sk-06\/","title":{"rendered":"Tornillo para bombo Pearl SK 06"},"content":{"rendered":"","protected":false},"excerpt":{"rendered":"<p>El cart\u00f3n de embalaje est\u00e1 un poco deteriorado del almac\u00e9n<\/p>\n<p>!!SOLO NOS QUEDAN 2 UNIDADES!!<\/p>\n","protected":false},"featured_media":6146,"comment_status":"closed","ping_status":"closed","template":"","meta":{"om_disable_all_campaigns":false},"product_cat":[10],"product_tag":[264],"class_list":["post-6144","product","type-product","status-publish","has-post-thumbnail","hentry","product_cat-accesoriobateria","product_tag-accesorios-de-bateria"],"aioseo_notices":[],"_links":{"self":[{"href":"https:\/\/www.musicalmollet.com\/index.php\/wp-json\/wp\/v2\/product\/6144","targetHints":{"allow":["GET"]}}],"collection":[{"href":"https:\/\/www.musicalmollet.com\/index.php\/wp-json\/wp\/v2\/product"}],"about":[{"href":"https:\/\/www.musicalmollet.com\/index.php\/wp-json\/wp\/v2\/types\/product"}],"replies":[{"embeddable":true,"href":"https:\/\/www.musicalmollet.com\/index.php\/wp-json\/wp\/v2\/comments?post=6144"}],"wp:featuredmedia":[{"embeddable":true,"href":"https:\/\/www.musicalmollet.com\/index.php\/wp-json\/wp\/v2\/media\/6146"}],"wp:attachment":[{"href":"https:\/\/www.musicalmollet.com\/index.php\/wp-json\/wp\/v2\/media?parent=6144"}],"wp:term":[{"taxonomy":"product_cat","embeddable":true,"href":"https:\/\/www.musicalmollet.com\/index.php\/wp-json\/wp\/v2\/product_cat?post=6144"},{"taxonomy":"product_tag","embeddable":true,"href":"https:\/\/www.musicalmollet.com\/index.php\/wp-json\/wp\/v2\/product_tag?post=6144"}],"curies":[{"name":"wp","href":"https:\/\/api.w.org\/{rel}","templated":true}]}}