{"id":7198,"date":"2023-02-24T19:04:30","date_gmt":"2023-02-24T18:04:30","guid":{"rendered":"https:\/\/www.musicalmollet.com\/?post_type=product&#038;p=7198"},"modified":"2023-02-24T19:04:31","modified_gmt":"2023-02-24T18:04:31","slug":"manual-didactico-guitarra-flamenca-vol-2","status":"publish","type":"product","link":"https:\/\/www.musicalmollet.com\/index.php\/producto\/manual-didactico-guitarra-flamenca-vol-2\/","title":{"rendered":"Manual Did\u00e1ctico Guitarra Flamenca vol 2"},"content":{"rendered":"<p>Sole\u00e1-Fandango-Siguiriyas- Taranta- Alegr\u00edas- Granadina- Tientos- Malague\u00f1a- Tangos- Ronde\u00f1a- Bulerias<\/p>\n<p>2\u00aa Revisi\u00f3n : Noviembre 2015<\/p>\n<p>M\u00fasica \/ Tablature- cifra \/ Espa\u00f1ol<\/p>\n<p>Incluye CD<\/p>\n","protected":false},"excerpt":{"rendered":"<p>Sole\u00e1-Fandango-Siguiriyas- Taranta- Alegr\u00edas- Granadina- Tientos- Malague\u00f1a- Tangos- Ronde\u00f1a- Bulerias 2\u00aa Revisi\u00f3n : Noviembre 2015 M\u00fasica \/ Tablature- cifra \/ Espa\u00f1ol Incluye CD<\/p>\n","protected":false},"featured_media":7199,"comment_status":"closed","ping_status":"closed","template":"","meta":{"om_disable_all_campaigns":false},"product_cat":[49],"product_tag":[210],"class_list":["post-7198","product","type-product","status-publish","has-post-thumbnail","hentry","product_cat-libreria-y-metodos","product_tag-libreria-y-metodos"],"aioseo_notices":[],"_links":{"self":[{"href":"https:\/\/www.musicalmollet.com\/index.php\/wp-json\/wp\/v2\/product\/7198","targetHints":{"allow":["GET"]}}],"collection":[{"href":"https:\/\/www.musicalmollet.com\/index.php\/wp-json\/wp\/v2\/product"}],"about":[{"href":"https:\/\/www.musicalmollet.com\/index.php\/wp-json\/wp\/v2\/types\/product"}],"replies":[{"embeddable":true,"href":"https:\/\/www.musicalmollet.com\/index.php\/wp-json\/wp\/v2\/comments?post=7198"}],"wp:featuredmedia":[{"embeddable":true,"href":"https:\/\/www.musicalmollet.com\/index.php\/wp-json\/wp\/v2\/media\/7199"}],"wp:attachment":[{"href":"https:\/\/www.musicalmollet.com\/index.php\/wp-json\/wp\/v2\/media?parent=7198"}],"wp:term":[{"taxonomy":"product_cat","embeddable":true,"href":"https:\/\/www.musicalmollet.com\/index.php\/wp-json\/wp\/v2\/product_cat?post=7198"},{"taxonomy":"product_tag","embeddable":true,"href":"https:\/\/www.musicalmollet.com\/index.php\/wp-json\/wp\/v2\/product_tag?post=7198"}],"curies":[{"name":"wp","href":"https:\/\/api.w.org\/{rel}","templated":true}]}}