{"id":7218,"date":"2023-03-01T12:26:25","date_gmt":"2023-03-01T11:26:25","guid":{"rendered":"https:\/\/www.musicalmollet.com\/?post_type=product&#038;p=7218"},"modified":"2024-05-18T12:47:12","modified_gmt":"2024-05-18T10:47:12","slug":"auriculares-oqan-qhp-10","status":"publish","type":"product","link":"https:\/\/www.musicalmollet.com\/index.php\/producto\/auriculares-oqan-qhp-10\/","title":{"rendered":"Auriculares OQAN QHP 10"},"content":{"rendered":"<h2 id=\"h2FichaCaracteristicas\" class=\"h2-ficha h2-detailsP \">Caracter\u00edsticas de OQAN QHP10<\/h2>\n<div id=\"caracteristicasDiv\" class=\"fondo-blanco  padding30 \">\n<div class=\" product-features\">\n<p><strong>Auricular para Teclado Oqan QHP10\u00a0<\/strong><\/p>\n<ul>\n<li>Auriculares Din\u00e1micos Est\u00e9reo.<\/li>\n<li>Gran Acolchado de Orejeras.<\/li>\n<li>Diadema Ajustable.<\/li>\n<li>Altavoces de 40mm de Di\u00e1metro.<\/li>\n<li>Amplia Respuesta en Frecuencia.<\/li>\n<li>Conector 3.5mm y Adaptador 6.35mm.<\/li>\n<\/ul>\n<\/div>\n<\/div>\n","protected":false},"excerpt":{"rendered":"<p>Caracter\u00edsticas de OQAN QHP10 Auricular para Teclado Oqan QHP10\u00a0 Auriculares Din\u00e1micos Est\u00e9reo. Gran Acolchado de Orejeras. Diadema Ajustable. Altavoces de 40mm de Di\u00e1metro. Amplia Respuesta en Frecuencia. Conector 3.5mm y Adaptador 6.35mm.<\/p>\n","protected":false},"featured_media":7219,"comment_status":"closed","ping_status":"closed","template":"","meta":{"om_disable_all_campaigns":false},"product_cat":[112],"product_tag":[222,180],"class_list":["post-7218","product","type-product","status-publish","has-post-thumbnail","hentry","product_cat-auriculares","product_tag-flautas","product_tag-hifi"],"aioseo_notices":[],"_links":{"self":[{"href":"https:\/\/www.musicalmollet.com\/index.php\/wp-json\/wp\/v2\/product\/7218","targetHints":{"allow":["GET"]}}],"collection":[{"href":"https:\/\/www.musicalmollet.com\/index.php\/wp-json\/wp\/v2\/product"}],"about":[{"href":"https:\/\/www.musicalmollet.com\/index.php\/wp-json\/wp\/v2\/types\/product"}],"replies":[{"embeddable":true,"href":"https:\/\/www.musicalmollet.com\/index.php\/wp-json\/wp\/v2\/comments?post=7218"}],"wp:featuredmedia":[{"embeddable":true,"href":"https:\/\/www.musicalmollet.com\/index.php\/wp-json\/wp\/v2\/media\/7219"}],"wp:attachment":[{"href":"https:\/\/www.musicalmollet.com\/index.php\/wp-json\/wp\/v2\/media?parent=7218"}],"wp:term":[{"taxonomy":"product_cat","embeddable":true,"href":"https:\/\/www.musicalmollet.com\/index.php\/wp-json\/wp\/v2\/product_cat?post=7218"},{"taxonomy":"product_tag","embeddable":true,"href":"https:\/\/www.musicalmollet.com\/index.php\/wp-json\/wp\/v2\/product_tag?post=7218"}],"curies":[{"name":"wp","href":"https:\/\/api.w.org\/{rel}","templated":true}]}}