{"id":7258,"date":"2023-03-11T11:31:15","date_gmt":"2023-03-11T10:31:15","guid":{"rendered":"https:\/\/www.musicalmollet.com\/?post_type=product&#038;p=7258"},"modified":"2023-03-11T11:46:15","modified_gmt":"2023-03-11T10:46:15","slug":"metronomo-afinador-fzone-fmt-60-2","status":"publish","type":"product","link":"https:\/\/www.musicalmollet.com\/index.php\/producto\/metronomo-afinador-fzone-fmt-60-2\/","title":{"rendered":"Metr\u00f3nomo &#8211; Afinador Fzone FMT-60"},"content":{"rendered":"<div id=\"product-description-short-3586\" class=\"tab-pane fade in active description-short\" role=\"tabpanel\">\n<ul>\n<li>Sirve para <strong>todos<\/strong> los instrumentos.<\/li>\n<li><strong>Rango<\/strong> de afinaci\u00f3n lo tiene desde 410 a 490.<\/li>\n<li>P<strong>antalla<\/strong> de LCD y LED.<\/li>\n<li><strong>Incorpora<\/strong> un micr\u00f3fono con una entrada en l\u00ednea.<\/li>\n<li>Utiliza <strong>pilas<\/strong> 3V (2AAA).<\/li>\n<li>Rango de <strong>tempos<\/strong> se sit\u00faa entre 30 y 280 bpm. O<\/li>\n<li>Posibilidad de llevar las <strong>pulsaciones<\/strong> de 0 a 9.<\/li>\n<li>Tambi\u00e9n tiene un <strong>generador<\/strong> de sonidos o diapason.<\/li>\n<li>Tambi\u00e9n posibilita una gran variedad de <strong>ritmos<\/strong>.<\/li>\n<li>Color: negro.<\/li>\n<\/ul>\n<\/div>\n","protected":false},"excerpt":{"rendered":"<p>Sirve para todos los instrumentos. Rango de afinaci\u00f3n lo tiene desde 410 a 490. Pantalla de LCD y LED. Incorpora un micr\u00f3fono con una entrada en l\u00ednea. Utiliza pilas 3V (2AAA). Rango de tempos se sit\u00faa entre 30 y 280 bpm. O Posibilidad de llevar las pulsaciones de 0 a 9. Tambi\u00e9n tiene un generador [&hellip;]<\/p>\n","protected":false},"featured_media":7259,"comment_status":"closed","ping_status":"closed","template":"","meta":{"om_disable_all_campaigns":false},"product_cat":[72,489,53],"product_tag":[189],"class_list":["post-7258","product","type-product","status-publish","has-post-thumbnail","hentry","product_cat-afinadores","product_cat-metronomo","product_cat-metronomos","product_tag-metronomo"],"aioseo_notices":[],"_links":{"self":[{"href":"https:\/\/www.musicalmollet.com\/index.php\/wp-json\/wp\/v2\/product\/7258","targetHints":{"allow":["GET"]}}],"collection":[{"href":"https:\/\/www.musicalmollet.com\/index.php\/wp-json\/wp\/v2\/product"}],"about":[{"href":"https:\/\/www.musicalmollet.com\/index.php\/wp-json\/wp\/v2\/types\/product"}],"replies":[{"embeddable":true,"href":"https:\/\/www.musicalmollet.com\/index.php\/wp-json\/wp\/v2\/comments?post=7258"}],"wp:featuredmedia":[{"embeddable":true,"href":"https:\/\/www.musicalmollet.com\/index.php\/wp-json\/wp\/v2\/media\/7259"}],"wp:attachment":[{"href":"https:\/\/www.musicalmollet.com\/index.php\/wp-json\/wp\/v2\/media?parent=7258"}],"wp:term":[{"taxonomy":"product_cat","embeddable":true,"href":"https:\/\/www.musicalmollet.com\/index.php\/wp-json\/wp\/v2\/product_cat?post=7258"},{"taxonomy":"product_tag","embeddable":true,"href":"https:\/\/www.musicalmollet.com\/index.php\/wp-json\/wp\/v2\/product_tag?post=7258"}],"curies":[{"name":"wp","href":"https:\/\/api.w.org\/{rel}","templated":true}]}}