{"id":8155,"date":"2024-03-26T17:59:22","date_gmt":"2024-03-26T16:59:22","guid":{"rendered":"https:\/\/www.musicalmollet.com\/?post_type=product&#038;p=8155"},"modified":"2024-03-26T18:00:59","modified_gmt":"2024-03-26T17:00:59","slug":"gralla-seca-sans-boj","status":"publish","type":"product","link":"https:\/\/www.musicalmollet.com\/index.php\/producto\/gralla-seca-sans-boj\/","title":{"rendered":"Gralla Seca Sans Boj"},"content":{"rendered":"<div id=\"description\" class=\"tab-pane fade in active js-product-tab-active\">\n<div class=\"product-description\">\n<p>La Gralla es un oboe tradicional tiple (instrumento de interior c\u00f3nico) de la zona de Catalu\u00f1a. Tiene un volumen alto y se utiliza mayoritariamente en la calle en formaciones de castellers o geganters. Su tonalidad est\u00e1ndar es en SOL (LA 440 Hz o LA 415 Hz). Se toca con leng\u00fceta de doble ca\u00f1a. El montaje de la llave de octava es opcional. <strong>Incluye tudel y funda de tela<\/strong>. La ca\u00f1a no est\u00e1 incluida.<\/p>\n<p>La madera de boj es una madera clara, amarillenta y con aguas suaves. Tiene mucho temple, es pastosa y con buenos acabados. Su sonido es muy brillante, muy limpio y rico en harm\u00f3nicos.<\/p>\n<p>Afinada a\u00a0 440Hz.<\/p>\n<\/div>\n<\/div>\n","protected":false},"excerpt":{"rendered":"<p>La Gralla es un oboe tradicional tiple (instrumento de interior c\u00f3nico) de la zona de Catalu\u00f1a. Tiene un volumen alto y se utiliza mayoritariamente en la calle en formaciones de castellers o geganters. Su tonalidad est\u00e1ndar es en SOL (LA 440 Hz o LA 415 Hz). Se toca con leng\u00fceta de doble ca\u00f1a. El montaje [&hellip;]<\/p>\n","protected":false},"featured_media":8156,"comment_status":"closed","ping_status":"closed","template":"","meta":{"om_disable_all_campaigns":false},"product_cat":[40],"product_tag":[222],"class_list":["post-8155","product","type-product","status-publish","has-post-thumbnail","hentry","product_cat-grallas","product_tag-flautas"],"aioseo_notices":[],"_links":{"self":[{"href":"https:\/\/www.musicalmollet.com\/index.php\/wp-json\/wp\/v2\/product\/8155","targetHints":{"allow":["GET"]}}],"collection":[{"href":"https:\/\/www.musicalmollet.com\/index.php\/wp-json\/wp\/v2\/product"}],"about":[{"href":"https:\/\/www.musicalmollet.com\/index.php\/wp-json\/wp\/v2\/types\/product"}],"replies":[{"embeddable":true,"href":"https:\/\/www.musicalmollet.com\/index.php\/wp-json\/wp\/v2\/comments?post=8155"}],"wp:featuredmedia":[{"embeddable":true,"href":"https:\/\/www.musicalmollet.com\/index.php\/wp-json\/wp\/v2\/media\/8156"}],"wp:attachment":[{"href":"https:\/\/www.musicalmollet.com\/index.php\/wp-json\/wp\/v2\/media?parent=8155"}],"wp:term":[{"taxonomy":"product_cat","embeddable":true,"href":"https:\/\/www.musicalmollet.com\/index.php\/wp-json\/wp\/v2\/product_cat?post=8155"},{"taxonomy":"product_tag","embeddable":true,"href":"https:\/\/www.musicalmollet.com\/index.php\/wp-json\/wp\/v2\/product_tag?post=8155"}],"curies":[{"name":"wp","href":"https:\/\/api.w.org\/{rel}","templated":true}]}}