{"id":8231,"date":"2026-01-14T20:18:19","date_gmt":"2026-01-14T19:18:19","guid":{"rendered":"https:\/\/www.musicalmollet.com\/?post_type=product&#038;p=8231"},"modified":"2026-02-12T19:39:25","modified_gmt":"2026-02-12T18:39:25","slug":"kalimba-ritmo-azul-17-notas-2","status":"publish","type":"product","link":"https:\/\/www.musicalmollet.com\/index.php\/producto\/kalimba-ritmo-azul-17-notas-2\/","title":{"rendered":"Kalimba Ritmo Azul 17 notas"},"content":{"rendered":"<div class=\"page-title-wrapper product\">\n<h1 class=\"page-title\"><span class=\"base\" data-ui-id=\"page-title-wrapper\"><img loading=\"lazy\" decoding=\"async\" class=\"alignnone size-medium wp-image-8232\" src=\"https:\/\/www.musicalmollet.com\/wp-content\/uploads\/Kalimba-de-Caoba-de-17-notas-221x300.jpg\" alt=\"\" width=\"221\" height=\"300\" srcset=\"https:\/\/www.musicalmollet.com\/wp-content\/uploads\/Kalimba-de-Caoba-de-17-notas-221x300.jpg 221w, https:\/\/www.musicalmollet.com\/wp-content\/uploads\/Kalimba-de-Caoba-de-17-notas-754x1024.jpg 754w, https:\/\/www.musicalmollet.com\/wp-content\/uploads\/Kalimba-de-Caoba-de-17-notas-600x814.jpg 600w, https:\/\/www.musicalmollet.com\/wp-content\/uploads\/Kalimba-de-Caoba-de-17-notas.jpg 884w\" sizes=\"auto, (max-width: 221px) 100vw, 221px\" \/>KALIMBA DE CAOBA DE 17 NOTAS AZUL<\/span><\/h1>\n<\/div>\n<div class=\"product attribute sku sku2\">\n<p><strong class=\"type\">SKU<\/strong><\/p>\n<div class=\"value\">KRI17BL<\/div>\n<\/div>\n<div class=\"product-add-form\"><\/div>\n<div class=\"product-info-price\">\n<div class=\"price-box price-final_price\" data-role=\"priceBox\" data-product-id=\"12830\" data-price-box=\"product-id-12830\">\n<div class=\"price-pvp\">PVPR: 36,00 \u20ac<\/div>\n<div class=\"semaforo_product_wrapper d-flex align-items-center py-3\">\n<ul class=\"semaforo_product d-flex test status_508 productID_12830 mr-3\">\n<li><\/li>\n<li><\/li>\n<li><\/li>\n<\/ul>\n<p><span class=\"status_txt\">En existencia<\/span><\/p>\n<\/div>\n<\/div>\n<\/div>\n<div class=\"product attribute description description2\">\n<div class=\"value\">\n<p><strong>KRI17BL<\/strong><\/p>\n<p><strong>KALIMBA DE CAOBA DE 17 NOTAS<\/strong><\/p>\n<p>Formato Groove para mayor comodidad de agarre, ofreciendo una experiencia m\u00e1s ergon\u00f3mica.<\/p>\n<p><strong>Cuerpo<\/strong>: Caoba. Con esquinas redondeadas.<\/p>\n<p><strong>P\u00faas<\/strong>: Acero al carbono, con forma curva, fabricadas con l\u00e1ser.<\/p>\n<p><strong>Boca<\/strong>: 30 mm.<\/p>\n<p><strong>Medidas<\/strong>: 180 x 130 x 60 mm.<\/p>\n<p><strong>NOTAS: ESCALA DIAT\u00d3NICA DE DO MAYOR (DO4- MI6).<\/strong><\/p>\n<p><strong>Accesorios incluidos:<\/strong><\/p>\n<p>Martillo para afinaci\u00f3n, soporte para kalimba, p\u00faas para los dedos y estuche semi r\u00edgido de EVA.<\/p>\n<\/div>\n<\/div>\n","protected":false},"excerpt":{"rendered":"<p>KALIMBA DE CAOBA DE 17 NOTAS AZUL SKU KRI17BL PVPR: 36,00 \u20ac En existencia KRI17BL KALIMBA DE CAOBA DE 17 NOTAS Formato Groove para mayor comodidad de agarre, ofreciendo una experiencia m\u00e1s ergon\u00f3mica. Cuerpo: Caoba. Con esquinas redondeadas. P\u00faas: Acero al carbono, con forma curva, fabricadas con l\u00e1ser. Boca: 30 mm. Medidas: 180 x 130 [&hellip;]<\/p>\n","protected":false},"featured_media":8232,"comment_status":"closed","ping_status":"closed","template":"","meta":{"om_disable_all_campaigns":false},"product_cat":[537],"product_tag":[],"class_list":["post-8231","product","type-product","status-publish","has-post-thumbnail","hentry","product_cat-arpa-de-boca"],"aioseo_notices":[],"_links":{"self":[{"href":"https:\/\/www.musicalmollet.com\/index.php\/wp-json\/wp\/v2\/product\/8231","targetHints":{"allow":["GET"]}}],"collection":[{"href":"https:\/\/www.musicalmollet.com\/index.php\/wp-json\/wp\/v2\/product"}],"about":[{"href":"https:\/\/www.musicalmollet.com\/index.php\/wp-json\/wp\/v2\/types\/product"}],"replies":[{"embeddable":true,"href":"https:\/\/www.musicalmollet.com\/index.php\/wp-json\/wp\/v2\/comments?post=8231"}],"wp:featuredmedia":[{"embeddable":true,"href":"https:\/\/www.musicalmollet.com\/index.php\/wp-json\/wp\/v2\/media\/8232"}],"wp:attachment":[{"href":"https:\/\/www.musicalmollet.com\/index.php\/wp-json\/wp\/v2\/media?parent=8231"}],"wp:term":[{"taxonomy":"product_cat","embeddable":true,"href":"https:\/\/www.musicalmollet.com\/index.php\/wp-json\/wp\/v2\/product_cat?post=8231"},{"taxonomy":"product_tag","embeddable":true,"href":"https:\/\/www.musicalmollet.com\/index.php\/wp-json\/wp\/v2\/product_tag?post=8231"}],"curies":[{"name":"wp","href":"https:\/\/api.w.org\/{rel}","templated":true}]}}