{"id":8288,"date":"2024-05-18T12:56:01","date_gmt":"2024-05-18T10:56:01","guid":{"rendered":"https:\/\/www.musicalmollet.com\/?post_type=product&#038;p=8288"},"modified":"2024-05-18T12:56:01","modified_gmt":"2024-05-18T10:56:01","slug":"auriculares-reloop-rh2500-profesional-dj-headphones","status":"publish","type":"product","link":"https:\/\/www.musicalmollet.com\/index.php\/producto\/auriculares-reloop-rh2500-profesional-dj-headphones\/","title":{"rendered":"Auriculares Reloop RH2500 Profesional DJ Headphones"},"content":{"rendered":"<p><strong>Reloop DJ RH-2500<\/strong> es el sucesor del RH-2400, esta nueva versi\u00f3n ofrece un sonido con <strong>m\u00e1s graves<\/strong> y m\u00e1s preciso gracias a su construcci\u00f3n completamente cerrada.<\/p>\n<p>A pesar del potente puch, las caracter\u00edsticas del sonido reproducido permanecen transparentes: los medios y agudos brillantes y la salida alta facilitan el monitoreo y la mezcla en las duras condiciones reales y a altos vol\u00famenes de cabina.<\/p>\n<p>Se ha logrado una mayor comodidad de uso debido a la reducci\u00f3n de peso y una nueva construcci\u00f3n de la diadema, el logo de Reloop bordeado en las orejeras remata de forma atractiva el aspecto del nuevo RH-2500.<\/p>\n<ul>\n<li>Driver: <strong>40 mm<\/strong><\/li>\n<li>Rango de frecuencia: <strong>20 Hz ~ 20 kHz<\/strong><\/li>\n<li>Sensibilidad: 118 dB<\/li>\n<li>Impedancia: <strong>32 Ohms<\/strong><\/li>\n<li>Conector: jack est\u00e9reo de 3,5 mm<\/li>\n<li>Adaptador: jack est\u00e9reo de 6,3 mm<\/li>\n<li>Cable: 1.05 m +\/- 10%<\/li>\n<li>Peso aprox: 307 gramos<\/li>\n<\/ul>\n","protected":false},"excerpt":{"rendered":"<p>Reloop DJ RH-2500 es el sucesor del RH-2400, esta nueva versi\u00f3n ofrece un sonido con m\u00e1s graves y m\u00e1s preciso gracias a su construcci\u00f3n completamente cerrada. A pesar del potente puch, las caracter\u00edsticas del sonido reproducido permanecen transparentes: los medios y agudos brillantes y la salida alta facilitan el monitoreo y la mezcla en las [&hellip;]<\/p>\n","protected":false},"featured_media":8289,"comment_status":"closed","ping_status":"closed","template":"","meta":{"om_disable_all_campaigns":false},"product_cat":[112],"product_tag":[180],"class_list":["post-8288","product","type-product","status-publish","has-post-thumbnail","hentry","product_cat-auriculares","product_tag-hifi"],"aioseo_notices":[],"_links":{"self":[{"href":"https:\/\/www.musicalmollet.com\/index.php\/wp-json\/wp\/v2\/product\/8288","targetHints":{"allow":["GET"]}}],"collection":[{"href":"https:\/\/www.musicalmollet.com\/index.php\/wp-json\/wp\/v2\/product"}],"about":[{"href":"https:\/\/www.musicalmollet.com\/index.php\/wp-json\/wp\/v2\/types\/product"}],"replies":[{"embeddable":true,"href":"https:\/\/www.musicalmollet.com\/index.php\/wp-json\/wp\/v2\/comments?post=8288"}],"wp:featuredmedia":[{"embeddable":true,"href":"https:\/\/www.musicalmollet.com\/index.php\/wp-json\/wp\/v2\/media\/8289"}],"wp:attachment":[{"href":"https:\/\/www.musicalmollet.com\/index.php\/wp-json\/wp\/v2\/media?parent=8288"}],"wp:term":[{"taxonomy":"product_cat","embeddable":true,"href":"https:\/\/www.musicalmollet.com\/index.php\/wp-json\/wp\/v2\/product_cat?post=8288"},{"taxonomy":"product_tag","embeddable":true,"href":"https:\/\/www.musicalmollet.com\/index.php\/wp-json\/wp\/v2\/product_tag?post=8288"}],"curies":[{"name":"wp","href":"https:\/\/api.w.org\/{rel}","templated":true}]}}