{"id":8717,"date":"2024-11-14T11:36:25","date_gmt":"2024-11-14T10:36:25","guid":{"rendered":"https:\/\/www.musicalmollet.com\/?post_type=product&#038;p=8717"},"modified":"2024-11-14T11:38:12","modified_gmt":"2024-11-14T10:38:12","slug":"piano-adventures-tecnica-e-interpretacion-nivel-elemental-1","status":"publish","type":"product","link":"https:\/\/www.musicalmollet.com\/index.php\/producto\/piano-adventures-tecnica-e-interpretacion-nivel-elemental-1\/","title":{"rendered":"Piano Adventures T\u00e9cnica e Interpretaci\u00f3n nivel elemental 1"},"content":{"rendered":"<div id=\"main\" class=\"col-left\">\n<div id=\"product-900\" class=\"post-900 product type-product status-publish has-post-thumbnail product_cat-metodo product_cat-nivel-1 product_cat-piano-adventures-de-los-niveles-basicos pa_isbn13-978-1-61677-656-5-2 pa_item-no-00122415-2 pa_mezzotitle-libro-de-tecnica-e-interpretacion-nivel-1 pa_pages-56-2 pa_publication-date-2013-3 pa_publisher-faber-piano-adventures-3 pa_subtitle-dos-libros-por-nivel pa_supertitle-piano-adventures-2 pa_upc-884088952327-2 first instock shipping-taxable purchasable product-type-simple\">\n<div class=\"summary entry_summary summary_portrait\">\n<div class=\"product_body_faber\">\n<p>El <em>Libro de t\u00e9cnica e interpretaci\u00f3n<\/em> de <em>Piano Adventures<\/em>\u00ae es un complemento esencial del <em>Libro de lecciones y teor\u00eda<\/em>. Las p\u00e1ginas de los dos libros est\u00e1n correlacionadas.<\/p>\n<p>El <em>Libro de t\u00e9cnica e interpretaci\u00f3n<\/em> combina dos elementos esenciales del arte del\u00a0piano:<\/p>\n<ul>\n<li>El estudiante desarrolla su<i> habilidad t\u00e9cnica<\/i> aplicando una serie de \u201csecretos t\u00e9cnicos\u201d.<\/li>\n<li>Estudios y piezas fascinantes permiten convertir la t\u00e9cnica en herramienta para lograr la <i>expresividad musical.<\/i><\/li>\n<\/ul>\n<p>La integraci\u00f3n de t\u00e9cnica e interpretaci\u00f3n art\u00edstica, la sucesi\u00f3n de secretos t\u00e9cnicos a trav\u00e9s de los niveles y un \u00e9nfasis particular en los gestos que coordinan el brazo, la mu\u00f1eca y los dedos, hacen que esta colecci\u00f3n sea especialmente eficaz.<\/p>\n<\/div>\n<table class=\"shop_attributes product_attributes\">\n<tbody>\n<tr class=\"product_attribute\">\n<th class=\"product_attribute_label\">SKU<\/th>\n<td class=\"product_attribute_value\">IEFF8002ES<\/td>\n<\/tr>\n<tr class=\"alt product_attribute\">\n<th class=\"product_attribute_label\">N\u00famero de cat\u00e1logo<\/th>\n<td class=\"product_attribute_value\">00122415<\/td>\n<\/tr>\n<tr class=\"product_attribute\">\n<th class=\"product_attribute_label\">ISBN-13<\/th>\n<td class=\"product_attribute_value\">978-1-61677-656-5<\/td>\n<\/tr>\n<tr class=\"alt product_attribute\">\n<th class=\"product_attribute_label\">UPC<\/th>\n<td class=\"product_attribute_value\">884088952327<\/td>\n<\/tr>\n<tr class=\"product_attribute\">\n<th class=\"product_attribute_label\">Fecha de publicaci\u00f3n<\/th>\n<td class=\"product_attribute_value\">2013<\/td>\n<\/tr>\n<tr class=\"alt product_attribute\">\n<th class=\"product_attribute_label\">N\u00famero de p\u00e1ginas<\/th>\n<td class=\"product_attribute_value\">56<\/td>\n<\/tr>\n<\/tbody>\n<\/table>\n<\/div>\n<\/div>\n<\/div>\n","protected":false},"excerpt":{"rendered":"<p>El Libro de t\u00e9cnica e interpretaci\u00f3n de Piano Adventures\u00ae es un complemento esencial del Libro de lecciones y teor\u00eda. Las p\u00e1ginas de los dos libros est\u00e1n correlacionadas. El Libro de t\u00e9cnica e interpretaci\u00f3n combina dos elementos esenciales del arte del\u00a0piano: El estudiante desarrolla su habilidad t\u00e9cnica aplicando una serie de \u201csecretos t\u00e9cnicos\u201d. Estudios y piezas [&hellip;]<\/p>\n","protected":false},"featured_media":8718,"comment_status":"closed","ping_status":"closed","template":"","meta":{"om_disable_all_campaigns":false},"product_cat":[49],"product_tag":[210],"class_list":["post-8717","product","type-product","status-publish","has-post-thumbnail","hentry","product_cat-libreria-y-metodos","product_tag-libreria-y-metodos"],"aioseo_notices":[],"_links":{"self":[{"href":"https:\/\/www.musicalmollet.com\/index.php\/wp-json\/wp\/v2\/product\/8717","targetHints":{"allow":["GET"]}}],"collection":[{"href":"https:\/\/www.musicalmollet.com\/index.php\/wp-json\/wp\/v2\/product"}],"about":[{"href":"https:\/\/www.musicalmollet.com\/index.php\/wp-json\/wp\/v2\/types\/product"}],"replies":[{"embeddable":true,"href":"https:\/\/www.musicalmollet.com\/index.php\/wp-json\/wp\/v2\/comments?post=8717"}],"wp:featuredmedia":[{"embeddable":true,"href":"https:\/\/www.musicalmollet.com\/index.php\/wp-json\/wp\/v2\/media\/8718"}],"wp:attachment":[{"href":"https:\/\/www.musicalmollet.com\/index.php\/wp-json\/wp\/v2\/media?parent=8717"}],"wp:term":[{"taxonomy":"product_cat","embeddable":true,"href":"https:\/\/www.musicalmollet.com\/index.php\/wp-json\/wp\/v2\/product_cat?post=8717"},{"taxonomy":"product_tag","embeddable":true,"href":"https:\/\/www.musicalmollet.com\/index.php\/wp-json\/wp\/v2\/product_tag?post=8717"}],"curies":[{"name":"wp","href":"https:\/\/api.w.org\/{rel}","templated":true}]}}