{"id":8775,"date":"2024-11-30T12:34:43","date_gmt":"2024-11-30T11:34:43","guid":{"rendered":"https:\/\/www.musicalmollet.com\/?post_type=product&#038;p=8775"},"modified":"2024-11-30T12:34:43","modified_gmt":"2024-11-30T11:34:43","slug":"atril-marcha-saxo-tenor-grande-samba-ref-9123","status":"publish","type":"product","link":"https:\/\/www.musicalmollet.com\/index.php\/producto\/atril-marcha-saxo-tenor-grande-samba-ref-9123\/","title":{"rendered":"Atril marcha saxo tenor (grande) Samba ref. 9123"},"content":{"rendered":"<p>Atril de marcha para saxof\u00f3n tenor (grande). Atril curvado, medidas del pie 90 x 45 mm. Muelle de acero. Tama\u00f1o NORMAL, las medidas de la lira son 55 x 45 mm. Atril reforzado con pie de lat\u00f3n para conferirle mayor fortaleza. Este atril debe colocarse en el portatril del instrumento. Acabado dorado. Peso aproximado 43g. Fabricado en Espa\u00f1a.<\/p>\n","protected":false},"excerpt":{"rendered":"<h5>Queda 1 unidad<\/h5>\n","protected":false},"featured_media":8776,"comment_status":"closed","ping_status":"closed","template":"","meta":{"om_disable_all_campaigns":false},"product_cat":[21],"product_tag":[266],"class_list":["post-8775","product","type-product","status-publish","has-post-thumbnail","hentry","product_cat-atriles","product_tag-accesorios-viento"],"aioseo_notices":[],"_links":{"self":[{"href":"https:\/\/www.musicalmollet.com\/index.php\/wp-json\/wp\/v2\/product\/8775","targetHints":{"allow":["GET"]}}],"collection":[{"href":"https:\/\/www.musicalmollet.com\/index.php\/wp-json\/wp\/v2\/product"}],"about":[{"href":"https:\/\/www.musicalmollet.com\/index.php\/wp-json\/wp\/v2\/types\/product"}],"replies":[{"embeddable":true,"href":"https:\/\/www.musicalmollet.com\/index.php\/wp-json\/wp\/v2\/comments?post=8775"}],"wp:featuredmedia":[{"embeddable":true,"href":"https:\/\/www.musicalmollet.com\/index.php\/wp-json\/wp\/v2\/media\/8776"}],"wp:attachment":[{"href":"https:\/\/www.musicalmollet.com\/index.php\/wp-json\/wp\/v2\/media?parent=8775"}],"wp:term":[{"taxonomy":"product_cat","embeddable":true,"href":"https:\/\/www.musicalmollet.com\/index.php\/wp-json\/wp\/v2\/product_cat?post=8775"},{"taxonomy":"product_tag","embeddable":true,"href":"https:\/\/www.musicalmollet.com\/index.php\/wp-json\/wp\/v2\/product_tag?post=8775"}],"curies":[{"name":"wp","href":"https:\/\/api.w.org\/{rel}","templated":true}]}}