{"id":8817,"date":"2024-12-31T13:25:50","date_gmt":"2024-12-31T12:25:50","guid":{"rendered":"https:\/\/www.musicalmollet.com\/?post_type=product&#038;p=8817"},"modified":"2024-12-31T13:25:50","modified_gmt":"2024-12-31T12:25:50","slug":"caja-infantil-jinbao-8-x-5-azul","status":"publish","type":"product","link":"https:\/\/www.musicalmollet.com\/index.php\/producto\/caja-infantil-jinbao-8-x-5-azul\/","title":{"rendered":"Caja infantil JINBAO 8 X 5 azul"},"content":{"rendered":"<div class=\"product attribute description description2\">\n<div class=\"value\">\n<p><strong>BMBJ0805BL<\/strong><\/p>\n<p>Caja infantil JINBAO 8&#8243; x 5&#8243;.<\/p>\n<p>Con correas y baquetas.<\/p>\n<p>&nbsp;<\/p>\n<p>&nbsp;<\/p>\n<p>&nbsp;<\/p>\n<\/div>\n<\/div>\n<div id=\"shoppinglist-product-list\" class=\"wk-shoppinglist-product-container\" data-bind=\"scope:'shoppinglist-product-field'\">\n<div class=\"pull-right pinned-dropdown\">\n<div class=\"btn-group btn-group--flex\"><\/div>\n<\/div>\n<\/div>\n<div class=\"product-info-main\">\n<div id=\"shoppinglist-product-list\" class=\"wk-shoppinglist-product-container\" data-bind=\"scope:'shoppinglist-product-field'\">\n<div class=\"pull-right pinned-dropdown\">\n<div class=\"btn-group btn-group--flex\"><\/div>\n<\/div>\n<\/div>\n<div class=\"product-social-links\">\n<div class=\"product-addto-links\" data-role=\"add-to-links\"><\/div>\n<\/div>\n<\/div>\n<div class=\"clearer\"><\/div>\n<div class=\"product info detailed  \">\n<div class=\"product data items \" role=\"tablist\">\n<div id=\"tab-label-catalog.product.related2\" class=\"data item title active\" tabindex=\"0\" role=\"tab\" aria-labeledby=\"tab-label-catalog.product.related2-title\" data-role=\"collapsible\" data-collapsible=\"true\" aria-controls=\"catalog.product.related2\" aria-selected=\"false\" aria-expanded=\"true\"><a id=\"tab-label-catalog.product.related2-title\" class=\"data switch\" tabindex=\"-1\" href=\"https:\/\/www.enriquekeller.com\/es\/percusion\/percusion\/cajas\/caja-infantil-jinbao-0805-es.html#catalog.product.related2\" data-toggle=\"switch\"> Art\u00edculos relacionados <\/a><\/div>\n<div id=\"catalog.product.related2\" class=\"data item content\" role=\"tabpanel\" data-role=\"content\" aria-labelledby=\"tab-label-catalog.product.related2\" aria-hidden=\"false\">\n<div class=\"block related owl-top-narrow\" data-limit=\"0\" data-shuffle=\"0\">\n<div class=\"clearer\"><\/div>\n<div class=\"block-title title\"><strong id=\"block-related-heading\" role=\"heading\" aria-level=\"2\">Art\u00edculos relacionados<\/strong><\/div>\n<div class=\"block-content content\" aria-labelledby=\"block-related-heading\">\n<div class=\"block-actions\"><\/div>\n<div class=\"products wrapper grid  products-grid products-related\">\n<div class=\"products list items product-items owl-carousel  owl-theme owl-loaded owl-drag\">\n<div class=\"owl-stage-outer\">\n<div class=\"owl-stage\"><\/div>\n<\/div>\n<\/div>\n<\/div>\n<\/div>\n<\/div>\n<\/div>\n<\/div>\n<\/div>\n<div id=\"catalog.product.related2\" class=\"data item content\" role=\"tabpanel\" data-role=\"content\" aria-labelledby=\"tab-label-catalog.product.related2\" aria-hidden=\"false\">\n<div class=\"block related owl-top-narrow\" data-limit=\"0\" data-shuffle=\"0\">\n<div class=\"block-content content\" aria-labelledby=\"block-related-heading\">\n<div class=\"products wrapper grid  products-grid products-related\">\n<div class=\"products list items product-items owl-carousel  owl-theme owl-loaded owl-drag\">\n<div class=\"owl-controls\"><\/div>\n<\/div>\n<\/div>\n<\/div>\n<\/div>\n<\/div>\n<div id=\"tab-label-news-content\" class=\"data item title\" tabindex=\"0\" role=\"tab\" aria-labeledby=\"tab-label-news-content-title\" data-role=\"collapsible\" data-collapsible=\"true\" aria-controls=\"news-content\" aria-selected=\"false\" aria-expanded=\"false\"><a id=\"tab-label-news-content-title\" class=\"data switch\" tabindex=\"-1\" href=\"https:\/\/www.enriquekeller.com\/es\/percusion\/percusion\/cajas\/caja-infantil-jinbao-0805-es.html#news-content\" data-toggle=\"switch\"> Nuevos art\u00edculos <\/a><\/div>\n<div id=\"tab-label-description3\" class=\"data item title\" tabindex=\"0\" role=\"tab\" aria-labeledby=\"tab-label-description3-title\" data-role=\"collapsible\" data-collapsible=\"true\" aria-controls=\"description3\" aria-selected=\"false\" aria-expanded=\"false\"><a id=\"tab-label-description3-title\" class=\"data switch\" tabindex=\"-1\" href=\"https:\/\/www.enriquekeller.com\/es\/percusion\/percusion\/cajas\/caja-infantil-jinbao-0805-es.html#description3\" data-toggle=\"switch\"> Detalles <\/a><\/div>\n","protected":false},"excerpt":{"rendered":"<p>BMBJ0805BL Caja infantil JINBAO 8&#8243; x 5&#8243;. Con correas y baquetas. &nbsp; &nbsp; &nbsp; Art\u00edculos relacionados Art\u00edculos relacionados Nuevos art\u00edculos Detalles<\/p>\n","protected":false},"featured_media":8818,"comment_status":"closed","ping_status":"closed","template":"","meta":{"om_disable_all_campaigns":false},"product_cat":[99],"product_tag":[165],"class_list":["post-8817","product","type-product","status-publish","has-post-thumbnail","hentry","product_cat-cajas-infantiles","product_tag-cajas"],"aioseo_notices":[],"_links":{"self":[{"href":"https:\/\/www.musicalmollet.com\/index.php\/wp-json\/wp\/v2\/product\/8817","targetHints":{"allow":["GET"]}}],"collection":[{"href":"https:\/\/www.musicalmollet.com\/index.php\/wp-json\/wp\/v2\/product"}],"about":[{"href":"https:\/\/www.musicalmollet.com\/index.php\/wp-json\/wp\/v2\/types\/product"}],"replies":[{"embeddable":true,"href":"https:\/\/www.musicalmollet.com\/index.php\/wp-json\/wp\/v2\/comments?post=8817"}],"wp:featuredmedia":[{"embeddable":true,"href":"https:\/\/www.musicalmollet.com\/index.php\/wp-json\/wp\/v2\/media\/8818"}],"wp:attachment":[{"href":"https:\/\/www.musicalmollet.com\/index.php\/wp-json\/wp\/v2\/media?parent=8817"}],"wp:term":[{"taxonomy":"product_cat","embeddable":true,"href":"https:\/\/www.musicalmollet.com\/index.php\/wp-json\/wp\/v2\/product_cat?post=8817"},{"taxonomy":"product_tag","embeddable":true,"href":"https:\/\/www.musicalmollet.com\/index.php\/wp-json\/wp\/v2\/product_tag?post=8817"}],"curies":[{"name":"wp","href":"https:\/\/api.w.org\/{rel}","templated":true}]}}