{"id":8860,"date":"2025-01-30T19:57:39","date_gmt":"2025-01-30T18:57:39","guid":{"rendered":"https:\/\/www.musicalmollet.com\/?post_type=product&#038;p=8860"},"modified":"2025-01-30T19:57:39","modified_gmt":"2025-01-30T18:57:39","slug":"ukelele-soprano-bones-agathis","status":"publish","type":"product","link":"https:\/\/www.musicalmollet.com\/index.php\/producto\/ukelele-soprano-bones-agathis\/","title":{"rendered":"Ukelele Soprano Bones Agathis"},"content":{"rendered":"<h3>Caracter\u00edsticas<\/h3>\n<ul>\n<li>Dimensiones: Soprano<\/li>\n<li>Tapa: Agathis<\/li>\n<li>Puente: Nogal<\/li>\n<li>Diapas\u00f3n: Nogal<\/li>\n<li>Roseta: Grabada L\u00e1ser<\/li>\n<li>Clavijero: Abiertos en color negro.<\/li>\n<li>Fondo y Aros: Agathis<\/li>\n<li>Elementos Inclu\u00eddos: Funda<\/li>\n<li>M\u00e1stil : Okume<\/li>\n<li>Acabado: Natural<\/li>\n<li>Cejuela: OX Bones<\/li>\n<\/ul>\n","protected":false},"excerpt":{"rendered":"<p>Caracter\u00edsticas Dimensiones: Soprano Tapa: Agathis Puente: Nogal Diapas\u00f3n: Nogal Roseta: Grabada L\u00e1ser Clavijero: Abiertos en color negro. Fondo y Aros: Agathis Elementos Inclu\u00eddos: Funda M\u00e1stil : Okume Acabado: Natural Cejuela: OX Bones<\/p>\n","protected":false},"featured_media":8861,"comment_status":"closed","ping_status":"closed","template":"","meta":{"om_disable_all_campaigns":false},"product_cat":[67],"product_tag":[172],"class_list":["post-8860","product","type-product","status-publish","has-post-thumbnail","hentry","product_cat-ukeleles","product_tag-ukelele"],"aioseo_notices":[],"_links":{"self":[{"href":"https:\/\/www.musicalmollet.com\/index.php\/wp-json\/wp\/v2\/product\/8860","targetHints":{"allow":["GET"]}}],"collection":[{"href":"https:\/\/www.musicalmollet.com\/index.php\/wp-json\/wp\/v2\/product"}],"about":[{"href":"https:\/\/www.musicalmollet.com\/index.php\/wp-json\/wp\/v2\/types\/product"}],"replies":[{"embeddable":true,"href":"https:\/\/www.musicalmollet.com\/index.php\/wp-json\/wp\/v2\/comments?post=8860"}],"wp:featuredmedia":[{"embeddable":true,"href":"https:\/\/www.musicalmollet.com\/index.php\/wp-json\/wp\/v2\/media\/8861"}],"wp:attachment":[{"href":"https:\/\/www.musicalmollet.com\/index.php\/wp-json\/wp\/v2\/media?parent=8860"}],"wp:term":[{"taxonomy":"product_cat","embeddable":true,"href":"https:\/\/www.musicalmollet.com\/index.php\/wp-json\/wp\/v2\/product_cat?post=8860"},{"taxonomy":"product_tag","embeddable":true,"href":"https:\/\/www.musicalmollet.com\/index.php\/wp-json\/wp\/v2\/product_tag?post=8860"}],"curies":[{"name":"wp","href":"https:\/\/api.w.org\/{rel}","templated":true}]}}