{"id":9176,"date":"2025-06-13T11:26:20","date_gmt":"2025-06-13T09:26:20","guid":{"rendered":"https:\/\/www.musicalmollet.com\/?post_type=product&#038;p=9176"},"modified":"2025-06-25T12:20:14","modified_gmt":"2025-06-25T10:20:14","slug":"violin-stentor-student-standar-3-4","status":"publish","type":"product","link":"https:\/\/www.musicalmollet.com\/index.php\/producto\/violin-stentor-student-standar-3-4\/","title":{"rendered":"Violin Stentor Student Standar 3\/4"},"content":{"rendered":"<section class=\"tt-tabcontent\">\n<ul id=\"producttab\" class=\"nav nav-tabs clearfix\">\n<li class=\"active\"><a class=\"producttab-heading\" href=\"https:\/\/vallestrade.com\/Instrumentos\/Violin\/Violin-Stentor-Student-I.html#ttmoreinfo\" data-toggle=\"tab\">Ficha t\u00e9cnica<\/a><\/li>\n<\/ul>\n<div class=\"tab-content\">\n<ul id=\"ttmoreinfo\" class=\"tt-productinner tab-pane active\">\n<li>\n<div class=\"rte\">El viol\u00edn Stentor Student I es el instrumento m\u00e1s adecuado para los principiantes, ya que gracias a su detallado proceso de fabricaci\u00f3n ofrece unas prestaciones ideales para el estudiante facilitando el proceso de aprendizaje.<\/p>\n<p>Cada instrumento es ajustado individualmente prestando especial atenci\u00f3n en el proceso de vaciado de las tapas, calibrando minuciosamente el grosor para asegurar un sonido lo m\u00e1s homog\u00e9neo posible con unos arm\u00f3nicos equilibrados.<\/p>\n<p><strong>CARACTER\u00cdSTICAS DEL INSTRUMENTO<\/strong><br \/>\n\u00b7 Tapa de abeto<br \/>\n\u00b7 Fondo y aros de arce<br \/>\n\u00b7 Diapas\u00f3n de madera dura ebonizada<br \/>\n\u00b7 Perfil incrustado<br \/>\n\u00b7 Clavijas, barbada y bot\u00f3n de palo rosa<br \/>\n\u00b7 Cordal con afinadores<br \/>\n\u00b7 Acabado brillante<\/p>\n<p><strong>CARACTER\u00cdSTICAS DEL ESTUCHE<\/strong><br \/>\n\u00b7 Estuche de forma forrado en lona<br \/>\n\u00b7 Bolsa exterior<br \/>\n\u00b7 Bolsillo exterior para accesorios<br \/>\n\u00b7 Sistema mochila<br \/>\n\u00b7 Reflectores de seguridad<br \/>\n\u00b7 Color: azul<\/p>\n<p><strong>CARACTER\u00cdSTICAS DEL ARCO<\/strong><br \/>\n\u00b7 Arco de estudio<br \/>\n\u00b7 Madera de brasil<br \/>\n\u00b7 Vara redonda<br \/>\n\u00b7 Nuez de \u00e9bano<\/p>\n<p><strong>INCLUYE<\/strong><br \/>\n\u00b7 Resina de estudio Stentor<br \/>\n\u00b7 Dos correas para colgar tipo mochila<\/p>\n<p><strong>Disponible: 4\/4, 3\/4, 1\/2, 1\/4, 1\/8, 1\/10, 1\/16, 1\/32<\/strong><\/p>\n<\/div>\n<\/li>\n<\/ul>\n<\/div>\n<\/section>\n<div id=\"idTab0\" class=\"related_main_wrapper\">\n<div class=\"product related_wrapper_inner clearfix\">\n<div class=\"related_products\">\n<div class=\"product title\">\n<h2><\/h2>\n<\/div>\n<\/div>\n<\/div>\n<\/div>\n","protected":false},"excerpt":{"rendered":"<p><img loading=\"lazy\" decoding=\"async\" class=\"alignnone size-medium wp-image-9174\" src=\"https:\/\/www.musicalmollet.com\/wp-content\/uploads\/Violin-Stentor-Student-II-4-4-n-1-300x300.jpg\" alt=\"\" width=\"300\" height=\"300\" srcset=\"https:\/\/www.musicalmollet.com\/wp-content\/uploads\/Violin-Stentor-Student-II-4-4-n-1-300x300.jpg 300w, https:\/\/www.musicalmollet.com\/wp-content\/uploads\/Violin-Stentor-Student-II-4-4-n-1-150x150.jpg 150w, https:\/\/www.musicalmollet.com\/wp-content\/uploads\/Violin-Stentor-Student-II-4-4-n-1-600x600.jpg 600w, https:\/\/www.musicalmollet.com\/wp-content\/uploads\/Violin-Stentor-Student-II-4-4-n-1-100x100.jpg 100w, https:\/\/www.musicalmollet.com\/wp-content\/uploads\/Violin-Stentor-Student-II-4-4-n-1.jpg 800w\" sizes=\"auto, (max-width: 300px) 100vw, 300px\" \/><\/p>\n","protected":false},"featured_media":9175,"comment_status":"closed","ping_status":"closed","template":"","meta":{"om_disable_all_campaigns":false},"product_cat":[68],"product_tag":[260],"class_list":["post-9176","product","type-product","status-publish","has-post-thumbnail","hentry","product_cat-violines","product_tag-violines"],"aioseo_notices":[],"_links":{"self":[{"href":"https:\/\/www.musicalmollet.com\/index.php\/wp-json\/wp\/v2\/product\/9176","targetHints":{"allow":["GET"]}}],"collection":[{"href":"https:\/\/www.musicalmollet.com\/index.php\/wp-json\/wp\/v2\/product"}],"about":[{"href":"https:\/\/www.musicalmollet.com\/index.php\/wp-json\/wp\/v2\/types\/product"}],"replies":[{"embeddable":true,"href":"https:\/\/www.musicalmollet.com\/index.php\/wp-json\/wp\/v2\/comments?post=9176"}],"wp:featuredmedia":[{"embeddable":true,"href":"https:\/\/www.musicalmollet.com\/index.php\/wp-json\/wp\/v2\/media\/9175"}],"wp:attachment":[{"href":"https:\/\/www.musicalmollet.com\/index.php\/wp-json\/wp\/v2\/media?parent=9176"}],"wp:term":[{"taxonomy":"product_cat","embeddable":true,"href":"https:\/\/www.musicalmollet.com\/index.php\/wp-json\/wp\/v2\/product_cat?post=9176"},{"taxonomy":"product_tag","embeddable":true,"href":"https:\/\/www.musicalmollet.com\/index.php\/wp-json\/wp\/v2\/product_tag?post=9176"}],"curies":[{"name":"wp","href":"https:\/\/api.w.org\/{rel}","templated":true}]}}