{"id":9187,"date":"2025-06-19T12:11:40","date_gmt":"2025-06-19T10:11:40","guid":{"rendered":"https:\/\/www.musicalmollet.com\/?post_type=product&#038;p=9187"},"modified":"2025-06-19T12:11:40","modified_gmt":"2025-06-19T10:11:40","slug":"bateria-electronica-ekdr20","status":"publish","type":"product","link":"https:\/\/www.musicalmollet.com\/index.php\/producto\/bateria-electronica-ekdr20\/","title":{"rendered":"Bater\u00eda Electronica EKDR20"},"content":{"rendered":"<p><strong>Bater\u00eda digital ligera.<\/strong><\/p>\n<p><strong>Caja con sensibilidad en aro. Crash y ride con sensibilidad en borde.<\/strong><\/p>\n<p>M\u00f3dulo con display LED multifunci\u00f3n.<\/p>\n<p>3 pads de timbales, pad de caja con sensibilidad en el aro,<\/p>\n<p>hi-hat, crash y ride, pedal Hi-Hat y pedal bombo con golpe en pad.<\/p>\n<p>35 kits de percusi\u00f3n, 1 kit personalizado y 455 sonidos de percusi\u00f3n.<\/p>\n<p>Demo: 50 canciones.<\/p>\n<p>Grabaci\u00f3n y reproducci\u00f3n.<\/p>\n<p>Pad control: sensibilidad, umbra y volumen.<\/p>\n<p>6 capas de sensibilidad.<\/p>\n<p>Efecto reverb y ecualizador de 2 bandas.<\/p>\n<p>Metr\u00f3nomo con 9 configuraciones de ritmo diferentes y rango: 30-250BPM.<\/p>\n<p><strong>Interfaz<\/strong>: Auriculares, USB, Aux In, salidam\u00e1ster.<\/p>\n<p>Alimentaci\u00f3n: DC 9Volt. Cables de conexi\u00f3n.<\/p>\n<p><strong>INCLUYE<\/strong>: Baquetas.<\/p>\n","protected":false},"excerpt":{"rendered":"<p>Bater\u00eda digital ligera. Caja con sensibilidad en aro. Crash y ride con sensibilidad en borde. M\u00f3dulo con display LED multifunci\u00f3n. 3 pads de timbales, pad de caja con sensibilidad en el aro, hi-hat, crash y ride, pedal Hi-Hat y pedal bombo con golpe en pad. 35 kits de percusi\u00f3n, 1 kit personalizado y 455 sonidos [&hellip;]<\/p>\n","protected":false},"featured_media":9188,"comment_status":"closed","ping_status":"closed","template":"","meta":{"om_disable_all_campaigns":false},"product_cat":[369],"product_tag":[69],"class_list":["post-9187","product","type-product","status-publish","has-post-thumbnail","hentry","product_cat-baterias-y-percusion","product_tag-bateria"],"aioseo_notices":[],"_links":{"self":[{"href":"https:\/\/www.musicalmollet.com\/index.php\/wp-json\/wp\/v2\/product\/9187","targetHints":{"allow":["GET"]}}],"collection":[{"href":"https:\/\/www.musicalmollet.com\/index.php\/wp-json\/wp\/v2\/product"}],"about":[{"href":"https:\/\/www.musicalmollet.com\/index.php\/wp-json\/wp\/v2\/types\/product"}],"replies":[{"embeddable":true,"href":"https:\/\/www.musicalmollet.com\/index.php\/wp-json\/wp\/v2\/comments?post=9187"}],"wp:featuredmedia":[{"embeddable":true,"href":"https:\/\/www.musicalmollet.com\/index.php\/wp-json\/wp\/v2\/media\/9188"}],"wp:attachment":[{"href":"https:\/\/www.musicalmollet.com\/index.php\/wp-json\/wp\/v2\/media?parent=9187"}],"wp:term":[{"taxonomy":"product_cat","embeddable":true,"href":"https:\/\/www.musicalmollet.com\/index.php\/wp-json\/wp\/v2\/product_cat?post=9187"},{"taxonomy":"product_tag","embeddable":true,"href":"https:\/\/www.musicalmollet.com\/index.php\/wp-json\/wp\/v2\/product_tag?post=9187"}],"curies":[{"name":"wp","href":"https:\/\/api.w.org\/{rel}","templated":true}]}}