{"id":9247,"date":"2025-07-17T19:08:21","date_gmt":"2025-07-17T17:08:21","guid":{"rendered":"https:\/\/www.musicalmollet.com\/?post_type=product&#038;p=9247"},"modified":"2025-07-17T19:08:22","modified_gmt":"2025-07-17T17:08:22","slug":"tongue-drum-azul-gris-13-notas-12","status":"publish","type":"product","link":"https:\/\/www.musicalmollet.com\/index.php\/producto\/tongue-drum-azul-gris-13-notas-12\/","title":{"rendered":"Tongue Drum azul-gris 13 notas-12"},"content":{"rendered":"<p><strong>TONGUE DRUM<\/strong><\/p>\n<p>Sonidos puros y refinados.<\/p>\n<p>Mayor proyecci\u00f3n y sustain.<\/p>\n<p><strong>NOTAS: ESCALA DIAT\u00d3NICA DE DO MAYOR (SOL3 &#8211; MI5).<\/strong><\/p>\n<p><strong>Accesorios incluidos<\/strong>: Mazas, soporte para mazas, p\u00faas para los dedos y estuche semi r\u00edgido de EVA.<\/p>\n<p>Di\u00e1metro: 30 cm.<\/p>\n<p>Altura: 15 cm.<\/p>\n<p>Color: Azul\/gris<\/p>\n","protected":false},"excerpt":{"rendered":"<p>TONGUE DRUM Sonidos puros y refinados. Mayor proyecci\u00f3n y sustain. NOTAS: ESCALA DIAT\u00d3NICA DE DO MAYOR (SOL3 &#8211; MI5). Accesorios incluidos: Mazas, soporte para mazas, p\u00faas para los dedos y estuche semi r\u00edgido de EVA. Di\u00e1metro: 30 cm. Altura: 15 cm. Color: Azul\/gris<\/p>\n","protected":false},"featured_media":9248,"comment_status":"closed","ping_status":"closed","template":"","meta":{"om_disable_all_campaigns":false},"product_cat":[551],"product_tag":[193],"class_list":["post-9247","product","type-product","status-publish","has-post-thumbnail","hentry","product_cat-tongue","product_tag-percusion"],"aioseo_notices":[],"_links":{"self":[{"href":"https:\/\/www.musicalmollet.com\/index.php\/wp-json\/wp\/v2\/product\/9247","targetHints":{"allow":["GET"]}}],"collection":[{"href":"https:\/\/www.musicalmollet.com\/index.php\/wp-json\/wp\/v2\/product"}],"about":[{"href":"https:\/\/www.musicalmollet.com\/index.php\/wp-json\/wp\/v2\/types\/product"}],"replies":[{"embeddable":true,"href":"https:\/\/www.musicalmollet.com\/index.php\/wp-json\/wp\/v2\/comments?post=9247"}],"wp:featuredmedia":[{"embeddable":true,"href":"https:\/\/www.musicalmollet.com\/index.php\/wp-json\/wp\/v2\/media\/9248"}],"wp:attachment":[{"href":"https:\/\/www.musicalmollet.com\/index.php\/wp-json\/wp\/v2\/media?parent=9247"}],"wp:term":[{"taxonomy":"product_cat","embeddable":true,"href":"https:\/\/www.musicalmollet.com\/index.php\/wp-json\/wp\/v2\/product_cat?post=9247"},{"taxonomy":"product_tag","embeddable":true,"href":"https:\/\/www.musicalmollet.com\/index.php\/wp-json\/wp\/v2\/product_tag?post=9247"}],"curies":[{"name":"wp","href":"https:\/\/api.w.org\/{rel}","templated":true}]}}