{"id":9255,"date":"2025-07-18T11:59:52","date_gmt":"2025-07-18T09:59:52","guid":{"rendered":"https:\/\/www.musicalmollet.com\/?post_type=product&#038;p=9255"},"modified":"2025-07-18T11:59:53","modified_gmt":"2025-07-18T09:59:53","slug":"pinza-microfono-inalambrico-on-stage-my110","status":"publish","type":"product","link":"https:\/\/www.musicalmollet.com\/index.php\/producto\/pinza-microfono-inalambrico-on-stage-my110\/","title":{"rendered":"Pinza micr\u00f3fono inal\u00e1mbrico On Stage MY110"},"content":{"rendered":"<p>Pinza para micr\u00f3fono inl\u00e1mbrico<\/p>\n","protected":false},"excerpt":{"rendered":"<p>Pinza para micr\u00f3fono inl\u00e1mbrico<\/p>\n","protected":false},"featured_media":9257,"comment_status":"closed","ping_status":"closed","template":"","meta":{"om_disable_all_campaigns":false},"product_cat":[132],"product_tag":[426],"class_list":["post-9255","product","type-product","status-publish","has-post-thumbnail","hentry","product_cat-pinzas-de-microfono","product_tag-accesorios-de-microfono"],"aioseo_notices":[],"_links":{"self":[{"href":"https:\/\/www.musicalmollet.com\/index.php\/wp-json\/wp\/v2\/product\/9255","targetHints":{"allow":["GET"]}}],"collection":[{"href":"https:\/\/www.musicalmollet.com\/index.php\/wp-json\/wp\/v2\/product"}],"about":[{"href":"https:\/\/www.musicalmollet.com\/index.php\/wp-json\/wp\/v2\/types\/product"}],"replies":[{"embeddable":true,"href":"https:\/\/www.musicalmollet.com\/index.php\/wp-json\/wp\/v2\/comments?post=9255"}],"wp:featuredmedia":[{"embeddable":true,"href":"https:\/\/www.musicalmollet.com\/index.php\/wp-json\/wp\/v2\/media\/9257"}],"wp:attachment":[{"href":"https:\/\/www.musicalmollet.com\/index.php\/wp-json\/wp\/v2\/media?parent=9255"}],"wp:term":[{"taxonomy":"product_cat","embeddable":true,"href":"https:\/\/www.musicalmollet.com\/index.php\/wp-json\/wp\/v2\/product_cat?post=9255"},{"taxonomy":"product_tag","embeddable":true,"href":"https:\/\/www.musicalmollet.com\/index.php\/wp-json\/wp\/v2\/product_tag?post=9255"}],"curies":[{"name":"wp","href":"https:\/\/api.w.org\/{rel}","templated":true}]}}