{"id":9482,"date":"2025-10-17T12:56:00","date_gmt":"2025-10-17T10:56:00","guid":{"rendered":"https:\/\/www.musicalmollet.com\/?post_type=product&#038;p=9482"},"modified":"2025-10-17T12:56:00","modified_gmt":"2025-10-17T10:56:00","slug":"microfono-sssh-serie-ii-mas-pie-de-microfono-con-base-redonda","status":"publish","type":"product","link":"https:\/\/www.musicalmollet.com\/index.php\/producto\/microfono-sssh-serie-ii-mas-pie-de-microfono-con-base-redonda\/","title":{"rendered":"Micr\u00f3fono SSSH Serie II m\u00e1s Pie de micr\u00f3fono con base redonda"},"content":{"rendered":"<p>Es t\u00edpico micr\u00f3fono de los a\u00f1os 60 y 70 acompa\u00f1ado de una base redonda t\u00edpica de las mismas fechas<\/p>\n","protected":false},"excerpt":{"rendered":"<h4>!!atenci\u00f3n solo 1 unidad!!<\/h4>\n","protected":false},"featured_media":9485,"comment_status":"closed","ping_status":"closed","template":"","meta":{"om_disable_all_campaigns":false},"product_cat":[54],"product_tag":[190],"class_list":["post-9482","product","type-product","status-publish","has-post-thumbnail","hentry","product_cat-microfonos","product_tag-microfono"],"aioseo_notices":[],"_links":{"self":[{"href":"https:\/\/www.musicalmollet.com\/index.php\/wp-json\/wp\/v2\/product\/9482","targetHints":{"allow":["GET"]}}],"collection":[{"href":"https:\/\/www.musicalmollet.com\/index.php\/wp-json\/wp\/v2\/product"}],"about":[{"href":"https:\/\/www.musicalmollet.com\/index.php\/wp-json\/wp\/v2\/types\/product"}],"replies":[{"embeddable":true,"href":"https:\/\/www.musicalmollet.com\/index.php\/wp-json\/wp\/v2\/comments?post=9482"}],"wp:featuredmedia":[{"embeddable":true,"href":"https:\/\/www.musicalmollet.com\/index.php\/wp-json\/wp\/v2\/media\/9485"}],"wp:attachment":[{"href":"https:\/\/www.musicalmollet.com\/index.php\/wp-json\/wp\/v2\/media?parent=9482"}],"wp:term":[{"taxonomy":"product_cat","embeddable":true,"href":"https:\/\/www.musicalmollet.com\/index.php\/wp-json\/wp\/v2\/product_cat?post=9482"},{"taxonomy":"product_tag","embeddable":true,"href":"https:\/\/www.musicalmollet.com\/index.php\/wp-json\/wp\/v2\/product_tag?post=9482"}],"curies":[{"name":"wp","href":"https:\/\/api.w.org\/{rel}","templated":true}]}}