{"id":9525,"date":"2026-04-20T12:10:23","date_gmt":"2026-04-20T10:10:23","guid":{"rendered":"https:\/\/www.musicalmollet.com\/?post_type=product&#038;p=9525"},"modified":"2026-04-20T20:31:29","modified_gmt":"2026-04-20T18:31:29","slug":"gralla-seca-sans","status":"publish","type":"product","link":"https:\/\/www.musicalmollet.com\/index.php\/producto\/gralla-seca-sans\/","title":{"rendered":"Gralla seca Sans Bubinga"},"content":{"rendered":"<p>La Gralla es un oboe tradicional tiple (instrumento de interior c\u00f3nico) de la zona de Catalu\u00f1a. Tiene un volumen alto y se utiliza mayoritariamente en la calle en formaciones de castellers o geganters. Su tonalidad est\u00e1ndar es en SOL. Se toca con leng\u00fceta de doble ca\u00f1a. El montaje de la llave de octava es opcional. Incluye tudel y funda de tela. La ca\u00f1a no est\u00e1 incluida. Afinada 440Hz<\/p>\n","protected":false},"excerpt":{"rendered":"<p>La Gralla es un oboe tradicional tiple (instrumento de interior c\u00f3nico) de la zona de Catalu\u00f1a. Tiene un volumen alto y se utiliza mayoritariamente en la calle en formaciones de castellers o geganters. Su tonalidad est\u00e1ndar es en SOL. Se toca con leng\u00fceta de doble ca\u00f1a. El montaje de la llave de octava es opcional. [&hellip;]<\/p>\n","protected":false},"featured_media":9526,"comment_status":"closed","ping_status":"closed","template":"","meta":{"om_disable_all_campaigns":false},"product_cat":[40],"product_tag":[179],"class_list":["post-9525","product","type-product","status-publish","has-post-thumbnail","hentry","product_cat-grallas","product_tag-grallas"],"aioseo_notices":[],"_links":{"self":[{"href":"https:\/\/www.musicalmollet.com\/index.php\/wp-json\/wp\/v2\/product\/9525","targetHints":{"allow":["GET"]}}],"collection":[{"href":"https:\/\/www.musicalmollet.com\/index.php\/wp-json\/wp\/v2\/product"}],"about":[{"href":"https:\/\/www.musicalmollet.com\/index.php\/wp-json\/wp\/v2\/types\/product"}],"replies":[{"embeddable":true,"href":"https:\/\/www.musicalmollet.com\/index.php\/wp-json\/wp\/v2\/comments?post=9525"}],"wp:featuredmedia":[{"embeddable":true,"href":"https:\/\/www.musicalmollet.com\/index.php\/wp-json\/wp\/v2\/media\/9526"}],"wp:attachment":[{"href":"https:\/\/www.musicalmollet.com\/index.php\/wp-json\/wp\/v2\/media?parent=9525"}],"wp:term":[{"taxonomy":"product_cat","embeddable":true,"href":"https:\/\/www.musicalmollet.com\/index.php\/wp-json\/wp\/v2\/product_cat?post=9525"},{"taxonomy":"product_tag","embeddable":true,"href":"https:\/\/www.musicalmollet.com\/index.php\/wp-json\/wp\/v2\/product_tag?post=9525"}],"curies":[{"name":"wp","href":"https:\/\/api.w.org\/{rel}","templated":true}]}}