{"id":9527,"date":"2025-11-28T18:58:43","date_gmt":"2025-11-28T17:58:43","guid":{"rendered":"https:\/\/www.musicalmollet.com\/?post_type=product&#038;p=9527"},"modified":"2025-11-28T18:58:43","modified_gmt":"2025-11-28T17:58:43","slug":"microfono-av-jefe-avl-103","status":"publish","type":"product","link":"https:\/\/www.musicalmollet.com\/index.php\/producto\/microfono-av-jefe-avl-103\/","title":{"rendered":"Micr\u00f3fono AV-JEFE AVL 103"},"content":{"rendered":"<h1 class=\"a-size-base-plus a-text-bold\">Sobre este art\u00edculo<\/h1>\n<ul class=\"a-unordered-list a-vertical a-spacing-mini\">\n<li class=\"a-spacing-mini\"><span class=\"a-list-item\"> Unidireccional, bobina m\u00f3vil din\u00e1mica <\/span><\/li>\n<li class=\"a-spacing-mini\"><span class=\"a-list-item\"> Reproducci\u00f3n de sonido enriquecida y n\u00edtida <\/span><\/li>\n<li class=\"a-spacing-mini\"><span class=\"a-list-item\"> Interruptor de encendido\/apagado integrado incluye cable canon-canon + pinza<\/span><\/li>\n<li class=\"a-spacing-mini\"><span class=\"a-list-item\"> Dise\u00f1o , ligero y ergon\u00f3mico, ideal para un uso prolongado <\/span><\/li>\n<li class=\"a-spacing-mini\"><span class=\"a-list-item\"> \u00a1Esto es lo que necesitas para mejorar tus habilidades de karaoke! <\/span><\/li>\n<\/ul>\n","protected":false},"excerpt":{"rendered":"<p>Sobre este art\u00edculo Unidireccional, bobina m\u00f3vil din\u00e1mica Reproducci\u00f3n de sonido enriquecida y n\u00edtida Interruptor de encendido\/apagado integrado incluye cable canon-canon + pinza Dise\u00f1o , ligero y ergon\u00f3mico, ideal para un uso prolongado \u00a1Esto es lo que necesitas para mejorar tus habilidades de karaoke!<\/p>\n","protected":false},"featured_media":9528,"comment_status":"closed","ping_status":"closed","template":"","meta":{"om_disable_all_campaigns":false},"product_cat":[54],"product_tag":[190],"class_list":["post-9527","product","type-product","status-publish","has-post-thumbnail","hentry","product_cat-microfonos","product_tag-microfono"],"aioseo_notices":[],"_links":{"self":[{"href":"https:\/\/www.musicalmollet.com\/index.php\/wp-json\/wp\/v2\/product\/9527","targetHints":{"allow":["GET"]}}],"collection":[{"href":"https:\/\/www.musicalmollet.com\/index.php\/wp-json\/wp\/v2\/product"}],"about":[{"href":"https:\/\/www.musicalmollet.com\/index.php\/wp-json\/wp\/v2\/types\/product"}],"replies":[{"embeddable":true,"href":"https:\/\/www.musicalmollet.com\/index.php\/wp-json\/wp\/v2\/comments?post=9527"}],"wp:featuredmedia":[{"embeddable":true,"href":"https:\/\/www.musicalmollet.com\/index.php\/wp-json\/wp\/v2\/media\/9528"}],"wp:attachment":[{"href":"https:\/\/www.musicalmollet.com\/index.php\/wp-json\/wp\/v2\/media?parent=9527"}],"wp:term":[{"taxonomy":"product_cat","embeddable":true,"href":"https:\/\/www.musicalmollet.com\/index.php\/wp-json\/wp\/v2\/product_cat?post=9527"},{"taxonomy":"product_tag","embeddable":true,"href":"https:\/\/www.musicalmollet.com\/index.php\/wp-json\/wp\/v2\/product_tag?post=9527"}],"curies":[{"name":"wp","href":"https:\/\/api.w.org\/{rel}","templated":true}]}}