{"id":9546,"date":"2025-12-23T19:04:32","date_gmt":"2025-12-23T18:04:32","guid":{"rendered":"https:\/\/www.musicalmollet.com\/?post_type=product&#038;p=9546"},"modified":"2025-12-23T19:04:32","modified_gmt":"2025-12-23T18:04:32","slug":"escobillas-baqueta-vater-vwtd","status":"publish","type":"product","link":"https:\/\/www.musicalmollet.com\/index.php\/producto\/escobillas-baqueta-vater-vwtd\/","title":{"rendered":"Escobillas\/Baqueta Vater VWTD"},"content":{"rendered":"<div class=\"st_read_more_box\">\n<p>Para aquellos que necesit\u00e1is cambiar de sonido r\u00e1pidamente. Estas baquetas 5A cuentan con una parte posterior de escobilla, que te permitir\u00e1 tener ambas texturas siempre disponibles en tus manos.<\/p>\n<ul>\n<li>Filamentos met\u00e1licos<\/li>\n<li>Baqueta 5A fabricada en Hickory<\/li>\n<li>No retr\u00e1ctiles<\/li>\n<\/ul>\n<\/div>\n","protected":false},"excerpt":{"rendered":"<p>Para aquellos que necesit\u00e1is cambiar de sonido r\u00e1pidamente. Estas baquetas 5A cuentan con una parte posterior de escobilla, que te permitir\u00e1 tener ambas texturas siempre disponibles en tus manos. Filamentos met\u00e1licos Baqueta 5A fabricada en Hickory No retr\u00e1ctiles<\/p>\n","protected":false},"featured_media":9548,"comment_status":"closed","ping_status":"closed","template":"","meta":{"om_disable_all_campaigns":false},"product_cat":[58],"product_tag":[192],"class_list":["post-9546","product","type-product","status-publish","has-post-thumbnail","hentry","product_cat-baquetas-mazas","product_tag-baquetas"],"aioseo_notices":[],"_links":{"self":[{"href":"https:\/\/www.musicalmollet.com\/index.php\/wp-json\/wp\/v2\/product\/9546","targetHints":{"allow":["GET"]}}],"collection":[{"href":"https:\/\/www.musicalmollet.com\/index.php\/wp-json\/wp\/v2\/product"}],"about":[{"href":"https:\/\/www.musicalmollet.com\/index.php\/wp-json\/wp\/v2\/types\/product"}],"replies":[{"embeddable":true,"href":"https:\/\/www.musicalmollet.com\/index.php\/wp-json\/wp\/v2\/comments?post=9546"}],"wp:featuredmedia":[{"embeddable":true,"href":"https:\/\/www.musicalmollet.com\/index.php\/wp-json\/wp\/v2\/media\/9548"}],"wp:attachment":[{"href":"https:\/\/www.musicalmollet.com\/index.php\/wp-json\/wp\/v2\/media?parent=9546"}],"wp:term":[{"taxonomy":"product_cat","embeddable":true,"href":"https:\/\/www.musicalmollet.com\/index.php\/wp-json\/wp\/v2\/product_cat?post=9546"},{"taxonomy":"product_tag","embeddable":true,"href":"https:\/\/www.musicalmollet.com\/index.php\/wp-json\/wp\/v2\/product_tag?post=9546"}],"curies":[{"name":"wp","href":"https:\/\/api.w.org\/{rel}","templated":true}]}}