{"id":9556,"date":"2026-01-14T20:04:18","date_gmt":"2026-01-14T19:04:18","guid":{"rendered":"https:\/\/www.musicalmollet.com\/?post_type=product&#038;p=9556"},"modified":"2026-01-14T20:04:18","modified_gmt":"2026-01-14T19:04:18","slug":"kalimba-ritmo-natural-satinado-21-notas","status":"publish","type":"product","link":"https:\/\/www.musicalmollet.com\/index.php\/producto\/kalimba-ritmo-natural-satinado-21-notas\/","title":{"rendered":"Kalimba Ritmo natural satinado 21 notas"},"content":{"rendered":"<p><strong>RI21NAS<\/strong><\/p>\n<p><strong>KALIMBA DE ACACIA DE 21 NOTAS<\/strong><\/p>\n<p>Formato Groove para mayor comodidad de agarre, ofreciendo una experiencia m\u00e1s ergon\u00f3mica.<\/p>\n<p><strong>Cuerpo<\/strong>: Acacia. Con esquinas redondeadas.<\/p>\n<p><strong>P\u00faas<\/strong>: Acero al carbono, con forma curva, fabricadas con l\u00e1ser.<\/p>\n<p><strong>Boca<\/strong>: 30 mm.<\/p>\n<p><strong>Medidas<\/strong>: 180 x 135 x 60 mm.<\/p>\n<p><strong>NOTAS: ESCALA DIAT\u00d3NICA DE DO MAYOR (FA3- MI6).<\/strong><\/p>\n<p><strong>Accesorios incluidos:<\/strong><\/p>\n<p>Martillo para afinaci\u00f3n, soporte para kalimba, p\u00faas para los dedos y estuche semi r\u00edgido de EVA.<\/p>\n","protected":false},"excerpt":{"rendered":"<p><img loading=\"lazy\" decoding=\"async\" class=\"alignnone size-medium wp-image-9558\" src=\"https:\/\/www.musicalmollet.com\/wp-content\/uploads\/P1000900-300x225.jpg\" alt=\"\" width=\"300\" height=\"225\" srcset=\"https:\/\/www.musicalmollet.com\/wp-content\/uploads\/P1000900-300x225.jpg 300w, https:\/\/www.musicalmollet.com\/wp-content\/uploads\/P1000900-1024x768.jpg 1024w, https:\/\/www.musicalmollet.com\/wp-content\/uploads\/P1000900-1536x1152.jpg 1536w, https:\/\/www.musicalmollet.com\/wp-content\/uploads\/P1000900-2048x1536.jpg 2048w, https:\/\/www.musicalmollet.com\/wp-content\/uploads\/P1000900-600x450.jpg 600w\" sizes=\"auto, (max-width: 300px) 100vw, 300px\" \/><\/p>\n","protected":false},"featured_media":9557,"comment_status":"closed","ping_status":"closed","template":"","meta":{"om_disable_all_campaigns":false},"product_cat":[361],"product_tag":[557],"class_list":["post-9556","product","type-product","status-publish","has-post-thumbnail","hentry","product_cat-sin-categorizar","product_tag-kalimba"],"aioseo_notices":[],"_links":{"self":[{"href":"https:\/\/www.musicalmollet.com\/index.php\/wp-json\/wp\/v2\/product\/9556","targetHints":{"allow":["GET"]}}],"collection":[{"href":"https:\/\/www.musicalmollet.com\/index.php\/wp-json\/wp\/v2\/product"}],"about":[{"href":"https:\/\/www.musicalmollet.com\/index.php\/wp-json\/wp\/v2\/types\/product"}],"replies":[{"embeddable":true,"href":"https:\/\/www.musicalmollet.com\/index.php\/wp-json\/wp\/v2\/comments?post=9556"}],"wp:featuredmedia":[{"embeddable":true,"href":"https:\/\/www.musicalmollet.com\/index.php\/wp-json\/wp\/v2\/media\/9557"}],"wp:attachment":[{"href":"https:\/\/www.musicalmollet.com\/index.php\/wp-json\/wp\/v2\/media?parent=9556"}],"wp:term":[{"taxonomy":"product_cat","embeddable":true,"href":"https:\/\/www.musicalmollet.com\/index.php\/wp-json\/wp\/v2\/product_cat?post=9556"},{"taxonomy":"product_tag","embeddable":true,"href":"https:\/\/www.musicalmollet.com\/index.php\/wp-json\/wp\/v2\/product_tag?post=9556"}],"curies":[{"name":"wp","href":"https:\/\/api.w.org\/{rel}","templated":true}]}}