{"id":9706,"date":"2026-04-16T12:09:15","date_gmt":"2026-04-16T10:09:15","guid":{"rendered":"https:\/\/www.musicalmollet.com\/?post_type=product&#038;p=9706"},"modified":"2026-04-16T12:09:15","modified_gmt":"2026-04-16T10:09:15","slug":"microfono-akg-p3s","status":"publish","type":"product","link":"https:\/\/www.musicalmollet.com\/index.php\/producto\/microfono-akg-p3s\/","title":{"rendered":"Micr\u00f3fono AKG P3S"},"content":{"rendered":"<p>El Perception P3 S es un micr\u00f3fono din\u00e1mico de alto rendimiento ideal para muchos tipos diferentes de usos. Su patr\u00f3n polar cardioide capta el sonido desde el frente del micr\u00f3fono mientras reduce la retroalimentaci\u00f3n y el ruido no deseado desde atr\u00e1s.<br \/>\nEl Perception P3 S cuenta con una resistente carcasa de metal y una rejilla de malla de alambre para una robustez excepcional. El micr\u00f3fono cuenta con un interruptor de encendido\/apagado para silenciar sin ruido.<\/p>\n<ul>\n<li>Interruptor de encendido\/apagado<\/li>\n<li>Patr\u00f3n polar cardioide<\/li>\n<li>Respuesta en frecuencia: 40 &#8211; 20.000 Hz<\/li>\n<li>SPL m\u00e1ximo: 144 dB<\/li>\n<li>Rejilla de protecci\u00f3n y carcasa de metal robusto<\/li>\n<li>Incluye bolsa y pinza<\/li>\n<\/ul>\n","protected":false},"excerpt":{"rendered":"<p>El Perception P3 S es un micr\u00f3fono din\u00e1mico de alto rendimiento ideal para muchos tipos diferentes de usos. Su patr\u00f3n polar cardioide capta el sonido desde el frente del micr\u00f3fono mientras reduce la retroalimentaci\u00f3n y el ruido no deseado desde atr\u00e1s. El Perception P3 S cuenta con una resistente carcasa de metal y una rejilla [&hellip;]<\/p>\n","protected":false},"featured_media":9707,"comment_status":"closed","ping_status":"closed","template":"","meta":{"om_disable_all_campaigns":false},"product_cat":[54],"product_tag":[190],"class_list":["post-9706","product","type-product","status-publish","has-post-thumbnail","hentry","product_cat-microfonos","product_tag-microfono"],"aioseo_notices":[],"_links":{"self":[{"href":"https:\/\/www.musicalmollet.com\/index.php\/wp-json\/wp\/v2\/product\/9706","targetHints":{"allow":["GET"]}}],"collection":[{"href":"https:\/\/www.musicalmollet.com\/index.php\/wp-json\/wp\/v2\/product"}],"about":[{"href":"https:\/\/www.musicalmollet.com\/index.php\/wp-json\/wp\/v2\/types\/product"}],"replies":[{"embeddable":true,"href":"https:\/\/www.musicalmollet.com\/index.php\/wp-json\/wp\/v2\/comments?post=9706"}],"wp:featuredmedia":[{"embeddable":true,"href":"https:\/\/www.musicalmollet.com\/index.php\/wp-json\/wp\/v2\/media\/9707"}],"wp:attachment":[{"href":"https:\/\/www.musicalmollet.com\/index.php\/wp-json\/wp\/v2\/media?parent=9706"}],"wp:term":[{"taxonomy":"product_cat","embeddable":true,"href":"https:\/\/www.musicalmollet.com\/index.php\/wp-json\/wp\/v2\/product_cat?post=9706"},{"taxonomy":"product_tag","embeddable":true,"href":"https:\/\/www.musicalmollet.com\/index.php\/wp-json\/wp\/v2\/product_tag?post=9706"}],"curies":[{"name":"wp","href":"https:\/\/api.w.org\/{rel}","templated":true}]}}